CRAN Package Check Results for Package MM2S

Last updated on 2022-09-27 04:50:35 CEST.

Flavor Version Tinstall Tcheck Ttotal Status Flags
r-devel-linux-x86_64-debian-clang 1.0.6 50.31 486.73 537.04 NOTE
r-devel-linux-x86_64-debian-gcc 1.0.6 40.13 370.86 410.99 NOTE
r-devel-linux-x86_64-fedora-clang 1.0.6 673.72 NOTE
r-devel-linux-x86_64-fedora-gcc 1.0.6 689.72 NOTE
r-devel-windows-x86_64 1.0.6 56.00 534.00 590.00 OK
r-patched-linux-x86_64 1.0.6 50.21 466.92 517.13 NOTE
r-release-linux-x86_64 1.0.6 43.59 465.55 509.14 NOTE
r-release-macos-arm64 1.0.6 170.00 OK
r-release-macos-x86_64 1.0.6 243.00 OK
r-release-windows-x86_64 1.0.6 51.00 523.00 574.00 OK
r-oldrel-macos-arm64 1.0.6 245.00 OK
r-oldrel-macos-x86_64 1.0.6 376.00 OK
r-oldrel-windows-ix86+x86_64 1.0.6 100.00 465.00 565.00 OK

Check Details

Version: 1.0.6
Check: for non-standard things in the check directory
Result: NOTE
    Found the following files/directories:
     'MM2S_Predictions_Heatmap.pdf' 'MM2S_Predictions_StackedBarplot.pdf'
Flavors: r-devel-linux-x86_64-debian-clang, r-devel-linux-x86_64-debian-gcc, r-devel-linux-x86_64-fedora-clang, r-devel-linux-x86_64-fedora-gcc, r-patched-linux-x86_64, r-release-linux-x86_64