CRAN Package Check Results for Package MMRcaseselection

Last updated on 2023-12-03 04:02:28 CET.

Flavor Version Tinstall Tcheck Ttotal Status Flags
r-devel-linux-x86_64-debian-clang 0.1.0 5.15 63.42 68.57 NOTE
r-devel-linux-x86_64-debian-gcc 0.1.0 4.35 48.13 52.48 NOTE
r-devel-linux-x86_64-fedora-clang 0.1.0 83.43 NOTE
r-devel-linux-x86_64-fedora-gcc 0.1.0 91.86 NOTE
r-devel-windows-x86_64 0.1.0 5.00 69.00 74.00 NOTE
r-patched-linux-x86_64 0.1.0 8.50 61.04 69.54 NOTE
r-release-linux-x86_64 0.1.0 5.26 61.09 66.35 NOTE
r-release-macos-arm64 0.1.0 42.00 NOTE
r-release-macos-x86_64 0.1.0 54.00 NOTE
r-release-windows-x86_64 0.1.0 8.00 77.00 85.00 NOTE
r-oldrel-macos-arm64 0.1.0 29.00 NOTE
r-oldrel-macos-x86_64 0.1.0 55.00 NOTE
r-oldrel-windows-x86_64 0.1.0 9.00 79.00 88.00 NOTE

Check Details

Version: 0.1.0
Check: LazyData
Result: NOTE 'LazyData' is specified without a 'data' directory Flavors: r-devel-linux-x86_64-debian-clang, r-devel-linux-x86_64-debian-gcc, r-devel-linux-x86_64-fedora-clang, r-devel-linux-x86_64-fedora-gcc, r-devel-windows-x86_64, r-patched-linux-x86_64, r-release-linux-x86_64, r-release-macos-arm64, r-release-macos-x86_64, r-release-windows-x86_64, r-oldrel-macos-arm64, r-oldrel-macos-x86_64, r-oldrel-windows-x86_64