Last updated on 2023-12-02 03:57:47 CET.
Flavor | Version | Tinstall | Tcheck | Ttotal | Status | Flags |
---|---|---|---|---|---|---|
r-devel-linux-x86_64-debian-clang | 1.0.1 | 20.90 | 231.56 | 252.46 | NOTE | |
r-devel-linux-x86_64-debian-gcc | 1.0.1 | 18.97 | 171.89 | 190.86 | NOTE | |
r-devel-linux-x86_64-fedora-clang | 1.0.1 | 301.54 | NOTE | |||
r-devel-linux-x86_64-fedora-gcc | 1.0.1 | 310.12 | NOTE | |||
r-devel-windows-x86_64 | 1.0.1 | 21.00 | 362.00 | 383.00 | NOTE | |
r-patched-linux-x86_64 | 1.0.1 | 17.28 | 214.27 | 231.55 | NOTE | |
r-release-linux-x86_64 | 1.0.1 | 19.04 | 218.15 | 237.19 | NOTE | |
r-release-macos-arm64 | 1.0.1 | 85.00 | NOTE | |||
r-release-macos-x86_64 | 1.0.1 | 170.00 | NOTE | |||
r-release-windows-x86_64 | 1.0.1 | 29.00 | 356.00 | 385.00 | NOTE | |
r-oldrel-macos-arm64 | 1.0.1 | 8.00 | ERROR | |||
r-oldrel-macos-x86_64 | 1.0.0 | 12.00 | ERROR | |||
r-oldrel-windows-x86_64 | 1.0.1 | 29.00 | 331.00 | 360.00 | NOTE |
Version: 1.0.1
Check: package dependencies
Result: NOTE
Package suggested but not available for checking: ‘ArchR’
Flavors: r-devel-linux-x86_64-debian-clang, r-devel-linux-x86_64-debian-gcc, r-patched-linux-x86_64, r-release-linux-x86_64
Version: 1.0.1
Check: package dependencies
Result: NOTE
Packages suggested but not available for checking:
'ArchR', 'TxDb.Hsapiens.UCSC.hg38.refGene'
Imports includes 34 non-default packages.
Importing from so many packages makes the package vulnerable to any of
them becoming unavailable. Move as many as possible to Suggests and
use conditionally.
Flavor: r-devel-linux-x86_64-fedora-clang
Version: 1.0.1
Check: dependencies in R code
Result: NOTE
Namespace in Imports field not imported from: 'purrr'
All declared Imports should be used.
Flavors: r-devel-linux-x86_64-fedora-clang, r-devel-linux-x86_64-fedora-gcc
Version: 1.0.1
Check: package dependencies
Result: NOTE
Packages suggested but not available for checking:
'ArchR', 'TxDb.Hsapiens.UCSC.hg38.refGene'
Flavors: r-devel-linux-x86_64-fedora-gcc, r-devel-windows-x86_64
Version: 1.0.1
Check: package dependencies
Result: NOTE
Packages suggested but not available for checking:
'ArchR', 'motifmatchr', 'TxDb.Hsapiens.UCSC.hg38.refGene',
'BSgenome.Hsapiens.UCSC.hg19', 'chromVAR'
Flavors: r-release-macos-arm64, r-release-macos-x86_64
Version: 1.0.1
Check: package dependencies
Result: NOTE
Packages suggested but not available for checking:
'ArchR', 'TxDb.Hsapiens.UCSC.hg38.refGene',
'BSgenome.Hsapiens.UCSC.hg19'
Flavors: r-release-windows-x86_64, r-oldrel-windows-x86_64
Version: 1.0.1
Check: package dependencies
Result: ERROR
Packages required but not available:
'plyranges', 'RaggedExperiment', 'MultiAssayExperiment', 'ggbio',
'OrganismDbi'
Packages suggested but not available for checking:
'ArchR', 'motifmatchr', 'TxDb.Hsapiens.UCSC.hg38.refGene',
'BSgenome.Hsapiens.UCSC.hg19', 'chromVAR'
See section ‘The DESCRIPTION file’ in the ‘Writing R Extensions’
manual.
Flavor: r-oldrel-macos-arm64
Version: 1.0.0
Check: package dependencies
Result: ERROR
Packages required but not available: 'RaggedExperiment', 'ggbio'
Packages suggested but not available for checking:
'ArchR', 'TxDb.Hsapiens.UCSC.hg38.refGene',
'BSgenome.Hsapiens.UCSC.hg19'
See section ‘The DESCRIPTION file’ in the ‘Writing R Extensions’
manual.
Flavor: r-oldrel-macos-x86_64