CRAN Package Check Results for Package MRH

Last updated on 2022-08-13 04:57:52 CEST.

Flavor Version Tinstall Tcheck Ttotal Status Flags
r-devel-linux-x86_64-debian-clang 2.2 18.05 95.25 113.30 NOTE
r-devel-linux-x86_64-debian-gcc 2.2 11.89 71.75 83.64 NOTE
r-devel-linux-x86_64-fedora-clang 2.2 144.50 NOTE
r-devel-linux-x86_64-fedora-gcc 2.2 143.27 NOTE
r-devel-windows-x86_64 2.2 22.00 115.00 137.00 OK
r-patched-linux-x86_64 2.2 14.83 92.71 107.54 NOTE
r-release-linux-x86_64 2.2 16.30 92.23 108.53 NOTE
r-release-macos-arm64 2.2 37.00 OK
r-release-macos-x86_64 2.2 55.00 OK
r-release-windows-x86_64 2.2 29.00 116.00 145.00 OK
r-oldrel-macos-arm64 2.2 46.00 OK
r-oldrel-macos-x86_64 2.2 75.00 OK
r-oldrel-windows-ix86+x86_64 2.2 30.00 137.00 167.00 OK

Check Details

Version: 2.2
Check: for non-standard things in the check directory
Result: NOTE
    Found the following files/directories:
     'MRH_lung'
Flavors: r-devel-linux-x86_64-debian-clang, r-devel-linux-x86_64-debian-gcc, r-devel-linux-x86_64-fedora-clang, r-devel-linux-x86_64-fedora-gcc, r-patched-linux-x86_64, r-release-linux-x86_64

Version: 2.2
Check: compiled code
Result: NOTE
    File ‘MRH/libs/MRH.so’:
     Found no calls to: ‘R_registerRoutines’, ‘R_useDynamicSymbols’
    
    It is good practice to register native routines and to disable symbol
    search.
    
    See ‘Writing portable packages’ in the ‘Writing R Extensions’ manual.
Flavors: r-devel-linux-x86_64-fedora-clang, r-devel-linux-x86_64-fedora-gcc