CRAN Package Check Results for Package MSEtool

Last updated on 2022-09-29 04:58:20 CEST.

Flavor Version Tinstall Tcheck Ttotal Status Flags
r-devel-linux-x86_64-debian-clang 3.5.0 141.59 282.10 423.69 OK
r-devel-linux-x86_64-debian-gcc 3.5.0 116.15 207.44 323.59 OK
r-devel-linux-x86_64-fedora-clang 3.5.0 567.71 NOTE
r-devel-linux-x86_64-fedora-gcc 3.5.0 574.64 OK
r-devel-windows-x86_64 3.5.0 267.00 340.00 607.00 NOTE
r-patched-linux-x86_64 3.5.0 129.67 255.11 384.78 OK
r-release-linux-x86_64 3.5.0 127.02 257.70 384.72 OK
r-release-macos-arm64 3.5.0 118.00 NOTE
r-release-macos-x86_64 3.5.0 155.00 NOTE
r-release-windows-x86_64 3.5.0 332.00 288.00 620.00 NOTE
r-oldrel-macos-arm64 3.5.0 117.00 NOTE
r-oldrel-macos-x86_64 3.5.0 157.00 NOTE
r-oldrel-windows-ix86+x86_64 3.5.0 315.00 332.00 647.00 NOTE

Check Details

Version: 3.5.0
Check: installed package size
Result: NOTE
     installed size is 7.2Mb
     sub-directories of 1Mb or more:
     R 1.8Mb
     data 4.0Mb
Flavors: r-devel-linux-x86_64-fedora-clang, r-devel-windows-x86_64, r-release-macos-arm64, r-release-macos-x86_64, r-release-windows-x86_64, r-oldrel-macos-arm64, r-oldrel-macos-x86_64, r-oldrel-windows-ix86+x86_64