CRAN Package Check Results for Package MUACz

Last updated on 2022-09-30 04:59:14 CEST.

Flavor Version Tinstall Tcheck Ttotal Status Flags
r-devel-linux-x86_64-debian-clang 2.1.0 12.67 106.25 118.92 NOTE
r-devel-linux-x86_64-debian-gcc 2.1.0 8.26 78.77 87.03 NOTE
r-devel-linux-x86_64-fedora-clang 2.1.0 152.07 NOTE
r-devel-linux-x86_64-fedora-gcc 2.1.0 144.00 NOTE
r-devel-windows-x86_64 2.1.0 19.00 122.00 141.00 NOTE
r-patched-linux-x86_64 2.1.0 12.75 97.99 110.74 NOTE
r-release-linux-x86_64 2.1.0 12.21 96.45 108.66 NOTE
r-release-macos-arm64 2.1.0 41.00 NOTE
r-release-macos-x86_64 2.1.0 73.00 NOTE
r-release-windows-x86_64 2.1.0 18.00 120.00 138.00 NOTE
r-oldrel-macos-arm64 2.1.0 48.00 NOTE
r-oldrel-macos-x86_64 2.1.0 82.00 NOTE
r-oldrel-windows-ix86+x86_64 2.1.0 26.00 121.00 147.00 NOTE

Check Details

Version: 2.1.0
Check: LazyData
Result: NOTE
     'LazyData' is specified without a 'data' directory
Flavors: r-devel-linux-x86_64-debian-clang, r-devel-linux-x86_64-debian-gcc, r-devel-linux-x86_64-fedora-clang, r-devel-linux-x86_64-fedora-gcc, r-devel-windows-x86_64, r-patched-linux-x86_64, r-release-linux-x86_64, r-release-macos-arm64, r-release-macos-x86_64, r-release-windows-x86_64, r-oldrel-macos-arm64, r-oldrel-macos-x86_64, r-oldrel-windows-ix86+x86_64