CRAN Package Check Results for Package Matrix

Last updated on 2022-11-28 03:57:22 CET.

Flavor Version Tinstall Tcheck Ttotal Status Flags
r-devel-linux-x86_64-debian-clang 1.5-3 235.66 413.67 649.33 OK
r-devel-linux-x86_64-debian-gcc 1.5-3 184.40 311.85 496.25 OK
r-devel-linux-x86_64-fedora-clang 1.5-3 849.86 OK
r-devel-linux-x86_64-fedora-gcc 1.5-3 916.42 OK
r-devel-windows-x86_64 1.5-3 413.00 574.00 987.00 OK
r-patched-linux-x86_64 1.5-3 215.99 384.15 600.14 OK
r-release-linux-x86_64 1.5-3 190.33 383.57 573.90 OK
r-release-macos-arm64 1.5-3 235.00 OK
r-release-macos-x86_64 1.5-3 294.00 OK
r-release-windows-x86_64 1.5-3 220.00 530.00 750.00 OK
r-oldrel-macos-arm64 1.5-3 207.00 ERROR
r-oldrel-macos-x86_64 1.5-3 245.00 ERROR
r-oldrel-windows-ix86+x86_64 1.5-3 451.00 657.00 1108.00 WARN

Check Details

Version: 1.5-3
Check: tests
Result: ERROR
     Running ‘Class+Meth.R’ [1s/1s]
    Running the tests in ‘tests/Class+Meth.R’ failed.
    Last 13 lines of output:
     > # further checkMatrix(), etc
     > if(interactive()) options(error = recover)
     > options(warn=1)# show as they happen
     > cat("doExtras:",doExtras,"\n")
     doExtras: FALSE
     >
     > no.Mcl <- function(cl) ## TRUE if MatrixClass() returns empty, i.e., have "no Matrix-pkg class"
     + identical(Matrix:::MatrixClass(cl), character(0))
     >
     > setClass("myDGC", contains = "dgCMatrix")
     > M <- new("myDGC", as(Matrix(c(-2:4, rep(0,9)), 4), "CsparseMatrix"))
     Error in if (...length() && any(...names() == "Dimnames")) .Object@Dimnames <- fixupDN(.Object@Dimnames) :
     missing value where TRUE/FALSE needed
     Calls: new -> initialize -> initialize
     Execution halted
Flavors: r-oldrel-macos-arm64, r-oldrel-macos-x86_64

Version: 1.5-3
Check: whether package can be installed
Result: WARN
    Found the following significant warnings:
     validity.c:100:18: warning: too many arguments for format [-Wformat-extra-args]
Flavor: r-oldrel-windows-ix86+x86_64