Last updated on 2022-07-03 04:49:05 CEST.
Flavor | Version | Tinstall | Tcheck | Ttotal | Status | Flags |
---|---|---|---|---|---|---|
r-devel-linux-x86_64-debian-clang | 1.4-1 | 187.97 | 380.85 | 568.82 | NOTE | |
r-devel-linux-x86_64-debian-gcc | 1.4-1 | 159.25 | 281.99 | 441.24 | NOTE | |
r-devel-linux-x86_64-fedora-clang | 1.4-1 | 713.04 | NOTE | |||
r-devel-linux-x86_64-fedora-gcc | 1.4-1 | 711.67 | NOTE | |||
r-devel-windows-x86_64 | 1.4-1 | 361.00 | 526.00 | 887.00 | NOTE | |
r-patched-linux-x86_64 | 1.4-1 | 177.36 | 359.32 | 536.68 | OK | |
r-release-linux-x86_64 | 1.4-1 | 174.28 | 356.32 | 530.60 | OK | |
r-release-macos-arm64 | 1.4-1 | 208.00 | NOTE | |||
r-release-macos-x86_64 | 1.4-1 | 274.00 | OK | |||
r-release-windows-x86_64 | 1.4-1 | 377.00 | 531.00 | 908.00 | OK | |
r-oldrel-macos-arm64 | 1.4-1 | 188.00 | OK | |||
r-oldrel-macos-x86_64 | 1.4-1 | 266.00 | OK | |||
r-oldrel-windows-ix86+x86_64 | 1.4-1 | 384.00 | 655.00 | 1039.00 | OK |
Version: 1.4-1
Check: Rd files
Result: NOTE
checkRd: (-1) USCounties.Rd:26: Escaped LaTeX specials: \_
Flavors: r-devel-linux-x86_64-debian-clang, r-devel-linux-x86_64-debian-gcc, r-devel-linux-x86_64-fedora-clang, r-devel-linux-x86_64-fedora-gcc, r-devel-windows-x86_64
Version: 1.4-1
Check: package dependencies
Result: NOTE
Package which this enhances but not available for checking: ‘graph’
Flavor: r-release-macos-arm64
Version: 1.4-1
Check: Rd cross-references
Result: NOTE
Package unavailable to check Rd xrefs: ‘graph’
Flavor: r-release-macos-arm64