Last updated on 2022-08-17 04:50:45 CEST.
Flavor | Version | Tinstall | Tcheck | Ttotal | Status | Flags |
---|---|---|---|---|---|---|
r-devel-linux-x86_64-debian-clang | 0.1.11 | 162.94 | 204.35 | 367.29 | OK | |
r-devel-linux-x86_64-debian-gcc | 0.1.11 | OK | ||||
r-devel-linux-x86_64-fedora-clang | 0.1.12 | 506.43 | OK | |||
r-devel-linux-x86_64-fedora-gcc | 0.1.12 | 517.01 | OK | |||
r-devel-windows-x86_64 | 0.1.12 | 283.00 | 289.00 | 572.00 | OK | |
r-patched-linux-x86_64 | 0.1.11 | 139.79 | 194.57 | 334.36 | OK | |
r-release-linux-x86_64 | 0.1.11 | 137.86 | 197.01 | 334.87 | OK | |
r-release-macos-arm64 | 0.1.12 | 111.00 | NOTE | |||
r-release-macos-x86_64 | 0.1.11 | 152.00 | NOTE | |||
r-release-windows-x86_64 | 0.1.11 | 220.00 | 252.00 | 472.00 | OK | |
r-oldrel-macos-arm64 | 0.1.12 | 102.00 | NOTE | |||
r-oldrel-macos-x86_64 | 0.1.11 | 147.00 | NOTE | |||
r-oldrel-windows-ix86+x86_64 | 0.1.11 | 185.00 | 240.00 | 425.00 | OK |
Version: 0.1.12
Check: installed package size
Result: NOTE
installed size is 11.4Mb
sub-directories of 1Mb or more:
R 2.1Mb
libs 9.1Mb
Flavors: r-release-macos-arm64, r-oldrel-macos-arm64
Version: 0.1.11
Check: installed package size
Result: NOTE
installed size is 11.1Mb
sub-directories of 1Mb or more:
R 1.2Mb
libs 9.7Mb
Flavors: r-release-macos-x86_64, r-oldrel-macos-x86_64