CRAN Package Check Results for Package MaxMC

Last updated on 2022-12-09 04:00:49 CET.

Flavor Version Tinstall Tcheck Ttotal Status Flags
r-devel-linux-x86_64-debian-clang 0.1.1 3.03 39.25 42.28 NOTE
r-devel-linux-x86_64-debian-gcc 0.1.1 2.18 31.35 33.53 NOTE
r-devel-linux-x86_64-fedora-clang 0.1.1 63.34 NOTE
r-devel-linux-x86_64-fedora-gcc 0.1.1 61.35 NOTE
r-devel-windows-x86_64 0.1.1 16.00 73.00 89.00 NOTE
r-patched-linux-x86_64 0.1.1 5.19 37.10 42.29 NOTE
r-release-linux-x86_64 0.1.1 2.39 36.48 38.87 NOTE
r-release-macos-arm64 0.1.1 22.00 NOTE
r-release-macos-x86_64 0.1.1 29.00 NOTE
r-release-windows-x86_64 0.1.1 16.00 68.00 84.00 NOTE
r-oldrel-macos-arm64 0.1.1 27.00 NOTE
r-oldrel-macos-x86_64 0.1.1 40.00 NOTE
r-oldrel-windows-ix86+x86_64 0.1.1 7.00 65.00 72.00 NOTE

Check Details

Version: 0.1.1
Check: LazyData
Result: NOTE
     'LazyData' is specified without a 'data' directory
Flavors: r-devel-linux-x86_64-debian-clang, r-devel-linux-x86_64-debian-gcc, r-devel-linux-x86_64-fedora-clang, r-devel-linux-x86_64-fedora-gcc, r-devel-windows-x86_64, r-patched-linux-x86_64, r-release-linux-x86_64, r-release-macos-arm64, r-release-macos-x86_64, r-release-windows-x86_64, r-oldrel-macos-arm64, r-oldrel-macos-x86_64, r-oldrel-windows-ix86+x86_64