CRAN Package Check Results for Package MetProc

Last updated on 2022-11-30 03:58:28 CET.

Flavor Version Tinstall Tcheck Ttotal Status Flags
r-devel-linux-x86_64-debian-clang 1.0.1 3.22 40.70 43.92 NOTE
r-devel-linux-x86_64-debian-gcc 1.0.1 2.10 30.18 32.28 NOTE
r-devel-linux-x86_64-fedora-clang 1.0.1 64.27 NOTE
r-devel-linux-x86_64-fedora-gcc 1.0.1 68.18 NOTE
r-devel-windows-x86_64 1.0.1 13.00 78.00 91.00 OK
r-patched-linux-x86_64 1.0.1 3.18 38.34 41.52 NOTE
r-release-linux-x86_64 1.0.1 2.74 40.47 43.21 NOTE
r-release-macos-arm64 1.0.1 22.00 OK
r-release-macos-x86_64 1.0.1 26.00 OK
r-release-windows-x86_64 1.0.1 7.00 81.00 88.00 OK
r-oldrel-macos-arm64 1.0.1 22.00 OK
r-oldrel-macos-x86_64 1.0.1 34.00 OK
r-oldrel-windows-ix86+x86_64 1.0.1 7.00 77.00 84.00 OK

Check Details

Version: 1.0.1
Check: for non-standard things in the check directory
Result: NOTE
    Found the following files/directories:
     'MetProc_output.pdf' 'sample_removed.csv' 'sample_retained.csv'
Flavors: r-devel-linux-x86_64-debian-clang, r-devel-linux-x86_64-debian-gcc, r-devel-linux-x86_64-fedora-clang, r-devel-linux-x86_64-fedora-gcc, r-patched-linux-x86_64, r-release-linux-x86_64