CRAN Package Check Results for Package MetaStan

Last updated on 2022-12-03 03:57:13 CET.

Flavor Version Tinstall Tcheck Ttotal Status Flags
r-devel-linux-x86_64-debian-clang 1.0.0 388.80 187.13 575.93 NOTE
r-devel-linux-x86_64-debian-gcc 1.0.0 336.53 155.73 492.26 NOTE
r-devel-linux-x86_64-fedora-clang 1.0.0 779.15 NOTE
r-devel-linux-x86_64-fedora-gcc 1.0.0 860.00 NOTE
r-devel-windows-x86_64 1.0.0 996.00 259.00 1255.00 NOTE
r-patched-linux-x86_64 1.0.0 346.61 196.21 542.82 NOTE
r-release-linux-x86_64 1.0.0 360.11 201.41 561.52 NOTE
r-release-macos-arm64 1.0.0 211.00 NOTE
r-release-macos-x86_64 1.0.0 346.00 NOTE
r-release-windows-x86_64 1.0.0 267.00 269.00 536.00 NOTE
r-oldrel-macos-arm64 1.0.0 177.00 NOTE
r-oldrel-macos-x86_64 1.0.0 272.00 NOTE
r-oldrel-windows-ix86+x86_64 1.0.0 433.00 250.00 683.00 NOTE

Check Details

Version: 1.0.0
Check: for GNU extensions in Makefiles
Result: NOTE
    GNU make is a SystemRequirements.
Flavors: r-devel-linux-x86_64-debian-clang, r-devel-linux-x86_64-debian-gcc, r-devel-linux-x86_64-fedora-clang, r-devel-linux-x86_64-fedora-gcc, r-devel-windows-x86_64, r-patched-linux-x86_64, r-release-linux-x86_64, r-release-macos-arm64, r-release-macos-x86_64, r-release-windows-x86_64, r-oldrel-macos-arm64, r-oldrel-macos-x86_64, r-oldrel-windows-ix86+x86_64

Version: 1.0.0
Check: installed package size
Result: NOTE
     installed size is 5.2Mb
     sub-directories of 1Mb or more:
     libs 4.7Mb
Flavors: r-devel-linux-x86_64-fedora-clang, r-release-macos-arm64, r-release-macos-x86_64, r-oldrel-macos-arm64, r-oldrel-macos-x86_64