CRAN Package Check Results for Package MultiGroupO

Last updated on 2022-12-09 04:00:50 CET.

Flavor Version Tinstall Tcheck Ttotal Status Flags
r-devel-linux-x86_64-debian-clang 0.1.0 15.59 169.03 184.62 OK
r-devel-linux-x86_64-debian-gcc 0.1.0 11.65 126.03 137.68 OK
r-devel-linux-x86_64-fedora-clang 0.1.0 235.57 NOTE
r-devel-linux-x86_64-fedora-gcc 0.1.0 236.77 NOTE
r-devel-windows-x86_64 0.1.0 29.00 192.00 221.00 OK
r-patched-linux-x86_64 0.1.0 14.86 155.10 169.96 OK
r-release-linux-x86_64 0.1.0 9.78 154.93 164.71 OK
r-release-macos-arm64 0.1.0 66.00 NOTE
r-release-macos-x86_64 0.1.0 128.00 NOTE
r-release-windows-x86_64 0.1.0 30.00 189.00 219.00 OK
r-oldrel-macos-arm64 0.1.0 63.00 NOTE
r-oldrel-macos-x86_64 0.1.0 87.00 NOTE
r-oldrel-windows-ix86+x86_64 0.1.0 37.00 189.00 226.00 OK

Check Details

Version: 0.1.0
Check: dependencies in R code
Result: NOTE
    Namespace in Imports field not imported from: ‘plsgenomics’
     All declared Imports should be used.
Flavors: r-devel-linux-x86_64-fedora-clang, r-devel-linux-x86_64-fedora-gcc, r-release-macos-arm64, r-release-macos-x86_64, r-oldrel-macos-arm64, r-oldrel-macos-x86_64