CRAN Package Check Results for Package MultiObjMatch

Last updated on 2022-09-27 04:50:36 CEST.

Flavor Version Tinstall Tcheck Ttotal Status Flags
r-devel-linux-x86_64-debian-clang 0.1.0 16.88 181.35 198.23 NOTE
r-devel-linux-x86_64-debian-gcc 0.1.0 13.81 134.01 147.82 NOTE
r-devel-linux-x86_64-fedora-clang 0.1.0 249.76 NOTE
r-devel-linux-x86_64-fedora-gcc 0.1.0 239.37 NOTE
r-devel-windows-x86_64 0.1.0 69.00 209.00 278.00 NOTE
r-patched-linux-x86_64 0.1.0 17.19 169.77 186.96 NOTE
r-release-linux-x86_64 0.1.0 11.31 174.24 185.55 NOTE
r-release-macos-arm64 0.1.0 64.00 NOTE
r-release-macos-x86_64 0.1.0 85.00 NOTE
r-release-windows-x86_64 0.1.0 44.00 200.00 244.00 NOTE
r-oldrel-macos-arm64 0.1.0 54.00 NOTE
r-oldrel-macos-x86_64 0.1.0 82.00 NOTE
r-oldrel-windows-ix86+x86_64 0.1.0 36.00 198.00 234.00 NOTE

Check Details

Version: 0.1.0
Check: package dependencies
Result: NOTE
    Package suggested but not available for checking: 'rrelaxiv'
Flavors: r-devel-linux-x86_64-debian-clang, r-devel-linux-x86_64-debian-gcc, r-devel-linux-x86_64-fedora-clang, r-devel-linux-x86_64-fedora-gcc, r-devel-windows-x86_64, r-patched-linux-x86_64, r-release-linux-x86_64, r-release-macos-arm64, r-release-macos-x86_64, r-release-windows-x86_64, r-oldrel-macos-arm64, r-oldrel-macos-x86_64, r-oldrel-windows-ix86+x86_64

Version: 0.1.0
Check: dependencies in R code
Result: NOTE
    Namespaces in Imports field not imported from:
     ‘RCurl’ ‘fields’ ‘optmatch’ ‘rcbalance’ ‘utils’
     All declared Imports should be used.
Flavors: r-devel-linux-x86_64-fedora-clang, r-devel-linux-x86_64-fedora-gcc, r-release-macos-arm64, r-release-macos-x86_64, r-oldrel-macos-arm64, r-oldrel-macos-x86_64