CRAN Package Check Results for Package NAM

Last updated on 2022-10-04 04:50:36 CEST.

Flavor Version Tinstall Tcheck Ttotal Status Flags
r-devel-linux-x86_64-debian-clang 1.7.3 50.49 83.59 134.08 OK
r-devel-linux-x86_64-debian-gcc 1.7.3 40.93 62.89 103.82 OK
r-devel-linux-x86_64-fedora-clang 1.7.3 189.43 OK
r-devel-linux-x86_64-fedora-gcc 1.7.3 175.10 OK
r-devel-windows-x86_64 1.7.3 48.00 125.00 173.00 OK
r-patched-linux-x86_64 1.7.3 40.91 79.41 120.32 OK
r-release-linux-x86_64 1.7.3 42.38 79.32 121.70 OK
r-release-macos-arm64 1.7.3 40.00 NOTE
r-release-macos-x86_64 1.7.3 64.00 NOTE
r-release-windows-x86_64 1.7.3 46.00 129.00 175.00 OK
r-oldrel-macos-arm64 1.7.3 53.00 NOTE
r-oldrel-macos-x86_64 1.7.3 98.00 NOTE
r-oldrel-windows-ix86+x86_64 1.7.3 98.00 127.00 225.00 OK

Check Details

Version: 1.7.3
Check: installed package size
Result: NOTE
     installed size is 6.5Mb
     sub-directories of 1Mb or more:
     libs 4.3Mb
Flavors: r-release-macos-arm64, r-release-macos-x86_64, r-oldrel-macos-arm64, r-oldrel-macos-x86_64