Last updated on 2023-03-29 04:51:17 CEST.
Flavor | Version | Tinstall | Tcheck | Ttotal | Status | Flags |
---|---|---|---|---|---|---|
r-devel-linux-x86_64-debian-clang | 0.1.3.3 | 2.23 | 26.64 | 28.87 | OK | |
r-devel-linux-x86_64-debian-gcc | 0.1.3.3 | 1.93 | 21.00 | 22.93 | OK | |
r-devel-linux-x86_64-fedora-clang | 0.1.3.3 | 37.50 | NOTE | |||
r-devel-linux-x86_64-fedora-gcc | 0.1.3.3 | 48.28 | NOTE | |||
r-devel-windows-x86_64 | 0.1.3.3 | 17.00 | 69.00 | 86.00 | OK | |
r-patched-linux-x86_64 | 0.1.3.3 | 2.42 | 26.03 | 28.45 | OK | |
r-release-linux-x86_64 | 0.1.3.3 | 2.20 | 27.59 | 29.79 | OK | |
r-release-macos-arm64 | 0.1.3.3 | 16.00 | NOTE | |||
r-release-macos-x86_64 | 0.1.3.3 | 29.00 | NOTE | |||
r-release-windows-x86_64 | 0.1.3.3 | 14.00 | 58.00 | 72.00 | OK | |
r-oldrel-macos-arm64 | 0.1.3.3 | 19.00 | NOTE | |||
r-oldrel-macos-x86_64 | 0.1.3.3 | 30.00 | NOTE | |||
r-oldrel-windows-ix86+x86_64 | 0.1.3.3 | 6.00 | 58.00 | 64.00 | OK |
Version: 0.1.3.3
Check: data for non-ASCII characters
Result: NOTE
Note: found 140 marked UTF-8 strings
Flavors: r-devel-linux-x86_64-fedora-clang, r-devel-linux-x86_64-fedora-gcc, r-release-macos-arm64, r-release-macos-x86_64, r-oldrel-macos-arm64, r-oldrel-macos-x86_64