CRAN Package Check Results for Package NBDesign

Last updated on 2022-09-30 04:59:15 CEST.

Flavor Version Tinstall Tcheck Ttotal Status Flags
r-devel-linux-x86_64-debian-clang 2.0.0 8.16 68.65 76.81 NOTE
r-devel-linux-x86_64-debian-gcc 2.0.0 5.63 53.00 58.63 NOTE
r-devel-linux-x86_64-fedora-clang 2.0.0 105.96 NOTE
r-devel-linux-x86_64-fedora-gcc 2.0.0 102.21 NOTE
r-devel-windows-x86_64 2.0.0 13.00 90.00 103.00 NOTE
r-patched-linux-x86_64 2.0.0 7.31 66.03 73.34 NOTE
r-release-linux-x86_64 2.0.0 6.33 65.59 71.92 NOTE
r-release-macos-arm64 2.0.0 29.00 NOTE
r-release-macos-x86_64 2.0.0 41.00 NOTE
r-release-windows-x86_64 2.0.0 15.00 99.00 114.00 NOTE
r-oldrel-macos-arm64 2.0.0 38.00 NOTE
r-oldrel-macos-x86_64 2.0.0 62.00 NOTE
r-oldrel-windows-ix86+x86_64 2.0.0 17.00 89.00 106.00 NOTE

Check Details

Version: 2.0.0
Check: LazyData
Result: NOTE
     'LazyData' is specified without a 'data' directory
Flavors: r-devel-linux-x86_64-debian-clang, r-devel-linux-x86_64-debian-gcc, r-devel-linux-x86_64-fedora-clang, r-devel-linux-x86_64-fedora-gcc, r-devel-windows-x86_64, r-patched-linux-x86_64, r-release-linux-x86_64, r-release-macos-arm64, r-release-macos-x86_64, r-release-windows-x86_64, r-oldrel-macos-arm64, r-oldrel-macos-x86_64, r-oldrel-windows-ix86+x86_64