CRAN Package Check Results for Package NFCP

Last updated on 2022-12-07 03:57:29 CET.

Flavor Version Tinstall Tcheck Ttotal Status Flags
r-devel-linux-x86_64-debian-clang 1.2.1 4.79 112.97 117.76 OK
r-devel-linux-x86_64-debian-gcc 1.2.1 3.89 84.57 88.46 OK
r-devel-linux-x86_64-fedora-clang 1.2.1 136.30 NOTE
r-devel-linux-x86_64-fedora-gcc 1.2.1 160.84 NOTE
r-devel-windows-x86_64 1.2.1 13.00 146.00 159.00 OK
r-patched-linux-x86_64 1.2.1 5.78 104.59 110.37 OK
r-release-linux-x86_64 1.2.1 5.02 107.81 112.83 OK
r-release-macos-arm64 1.2.1 43.00 NOTE
r-release-macos-x86_64 1.2.1 54.00 NOTE
r-release-windows-x86_64 1.2.1 20.00 142.00 162.00 OK
r-oldrel-macos-arm64 1.2.1 41.00 NOTE
r-oldrel-macos-x86_64 1.2.1 63.00 NOTE
r-oldrel-windows-ix86+x86_64 1.2.1 9.00 139.00 148.00 OK

Check Details

Version: 1.2.1
Check: dependencies in R code
Result: NOTE
    Namespaces in Imports field not imported from:
     ‘Rdpack’ ‘curl’ ‘mathjaxr’
     All declared Imports should be used.
Flavors: r-devel-linux-x86_64-fedora-clang, r-devel-linux-x86_64-fedora-gcc, r-release-macos-arm64, r-release-macos-x86_64, r-oldrel-macos-arm64, r-oldrel-macos-x86_64