CRAN Package Check Results for Package NPflow

Last updated on 2022-12-07 03:57:30 CET.

Flavor Version Tinstall Tcheck Ttotal Status Flags
r-devel-linux-x86_64-debian-clang 0.13.3 293.05 141.86 434.91 OK
r-devel-linux-x86_64-debian-gcc 0.13.3 221.40 102.28 323.68 OK
r-devel-linux-x86_64-fedora-clang 0.13.3 643.68 OK
r-devel-linux-x86_64-fedora-gcc 0.13.3 570.02 OK
r-devel-windows-x86_64 0.13.3 230.00 197.00 427.00 OK
r-patched-linux-x86_64 0.13.3 249.41 128.77 378.18 OK
r-release-linux-x86_64 0.13.3 238.60 129.38 367.98 OK
r-release-macos-arm64 0.13.3 118.00 NOTE
r-release-macos-x86_64 0.13.3 221.00 NOTE
r-release-windows-x86_64 0.13.3 230.00 189.00 419.00 OK
r-oldrel-macos-arm64 0.13.3 127.00 NOTE
r-oldrel-macos-x86_64 0.13.3 210.00 NOTE
r-oldrel-windows-ix86+x86_64 0.13.3 695.00 246.00 941.00 OK

Check Details

Version: 0.13.3
Check: installed package size
Result: NOTE
     installed size is 7.7Mb
     sub-directories of 1Mb or more:
     libs 7.0Mb
Flavors: r-release-macos-arm64, r-release-macos-x86_64, r-oldrel-macos-arm64, r-oldrel-macos-x86_64