CRAN Package Check Results for Package NbClust

Last updated on 2024-06-21 04:56:48 CEST.

Flavor Version Tinstall Tcheck Ttotal Status Flags
r-devel-linux-x86_64-debian-clang 3.0.1 6.33 40.40 46.73 NOTE
r-devel-linux-x86_64-debian-gcc 3.0.1 4.88 29.38 34.26 NOTE
r-devel-linux-x86_64-fedora-clang 3.0.1 59.52 NOTE
r-devel-linux-x86_64-fedora-gcc 3.0.1 53.68 NOTE
r-devel-windows-x86_64 3.0.1 5.00 45.00 50.00 NOTE
r-patched-linux-x86_64 3.0.1 5.66 38.44 44.10 NOTE
r-release-linux-x86_64 3.0.1 5.80 38.39 44.19 NOTE
r-release-macos-arm64 3.0.1 18.00 NOTE
r-release-macos-x86_64 3.0.1 28.00 NOTE
r-release-windows-x86_64 3.0.1 5.00 44.00 49.00 NOTE
r-oldrel-macos-arm64 3.0.1 20.00 OK
r-oldrel-macos-x86_64 3.0.1 28.00 OK
r-oldrel-windows-x86_64 3.0.1 8.00 48.00 56.00 OK

Check Details

Version: 3.0.1
Check: Rd files
Result: NOTE checkRd: (-1) NbClust.Rd:50: Lost braces; missing escapes or markup? 50 | \item \bold{Average} : The distance \eqn{D_{ij}}{D_ij} between two clusters \eqn{C_{i}}{C_i} and \eqn{C_{j}}{C_j} is the mean of the distances between the pair of points {x} and {y}, where \eqn{x \in C_{i}, y \in C_{j}}{x in C_i, y in C_j}. | ^ checkRd: (-1) NbClust.Rd:50: Lost braces; missing escapes or markup? 50 | \item \bold{Average} : The distance \eqn{D_{ij}}{D_ij} between two clusters \eqn{C_{i}}{C_i} and \eqn{C_{j}}{C_j} is the mean of the distances between the pair of points {x} and {y}, where \eqn{x \in C_{i}, y \in C_{j}}{x in C_i, y in C_j}. | ^ Flavors: r-devel-linux-x86_64-debian-clang, r-devel-linux-x86_64-debian-gcc, r-devel-linux-x86_64-fedora-clang, r-devel-linux-x86_64-fedora-gcc, r-devel-windows-x86_64, r-patched-linux-x86_64, r-release-linux-x86_64, r-release-macos-arm64, r-release-macos-x86_64, r-release-windows-x86_64