CRAN Package Check Results for Package NetworkChange

Last updated on 2022-10-05 04:50:58 CEST.

Flavor Version Tinstall Tcheck Ttotal Status Flags
r-devel-linux-x86_64-debian-clang 0.8 27.79 194.94 222.73 NOTE --no-vignettes
r-devel-linux-x86_64-debian-gcc 0.8 18.48 143.81 162.29 NOTE --no-vignettes
r-devel-linux-x86_64-fedora-clang 0.8 278.32 NOTE
r-devel-linux-x86_64-fedora-gcc 0.8 262.26 NOTE
r-devel-windows-x86_64 0.8 68.00 210.00 278.00 NOTE
r-patched-linux-x86_64 0.8 21.20 180.15 201.35 OK --no-vignettes
r-release-linux-x86_64 0.8 20.74 179.55 200.29 OK --no-vignettes
r-release-macos-arm64 0.8 75.00 OK
r-release-macos-x86_64 0.8 140.00 OK
r-release-windows-x86_64 0.8 80.00 198.00 278.00 OK
r-oldrel-macos-arm64 0.8 60.00 OK
r-oldrel-macos-x86_64 0.8 88.00 OK
r-oldrel-windows-ix86+x86_64 0.8 54.00 196.00 250.00 OK

Check Details

Version: 0.8
Flags: --no-vignettes
Check: Rd files
Result: NOTE
    checkRd: (-1) NetworkChange.Rd:163: Escaped LaTeX specials: \&
    checkRd: (-1) NetworkChangeRobust.Rd:144: Escaped LaTeX specials: \&
    checkRd: (-1) NetworkStatic.Rd:142: Escaped LaTeX specials: \&
Flavors: r-devel-linux-x86_64-debian-clang, r-devel-linux-x86_64-debian-gcc

Version: 0.8
Check: Rd files
Result: NOTE
    checkRd: (-1) NetworkChange.Rd:163: Escaped LaTeX specials: \&
    checkRd: (-1) NetworkChangeRobust.Rd:144: Escaped LaTeX specials: \&
    checkRd: (-1) NetworkStatic.Rd:142: Escaped LaTeX specials: \&
Flavors: r-devel-linux-x86_64-fedora-clang, r-devel-linux-x86_64-fedora-gcc, r-devel-windows-x86_64