Last updated on 2023-12-08 04:03:18 CET.
Flavor | Version | Tinstall | Tcheck | Ttotal | Status | Flags |
---|---|---|---|---|---|---|
r-devel-linux-x86_64-debian-clang | 1.0.10 | 2.66 | 73.56 | 76.22 | NOTE | |
r-devel-linux-x86_64-debian-gcc | 1.0.10 | 2.70 | 54.50 | 57.20 | NOTE | |
r-devel-linux-x86_64-fedora-clang | 1.0.10 | 96.79 | OK | |||
r-devel-linux-x86_64-fedora-gcc | 1.0.10 | 100.61 | OK | |||
r-devel-windows-x86_64 | 1.0.10 | 4.00 | 83.00 | 87.00 | OK | |
r-patched-linux-x86_64 | 1.0.10 | 2.51 | 69.70 | 72.21 | OK | |
r-release-linux-x86_64 | 1.0.10 | 3.47 | 70.05 | 73.52 | OK | |
r-release-macos-arm64 | 1.0.10 | 49.00 | OK | |||
r-release-macos-x86_64 | 1.0.10 | 72.00 | OK | |||
r-release-windows-x86_64 | 1.0.10 | 4.00 | 90.00 | 94.00 | OK | |
r-oldrel-macos-arm64 | 1.0.10 | 43.00 | OK | |||
r-oldrel-macos-x86_64 | 1.0.10 | 53.00 | OK | |||
r-oldrel-windows-x86_64 | 1.0.10 | 5.00 | 97.00 | 102.00 | OK |
Version: 1.0.10
Check: Rd files
Result: NOTE
checkRd: (-1) 03-MixOf3Beta-class.Rd:35: Lost braces; missing escapes or markup?
35 | parameters \code{L} and {M} (in that order).}
| ^
Flavors: r-devel-linux-x86_64-debian-clang, r-devel-linux-x86_64-debian-gcc