CRAN Package Check Results for Package OOS

Last updated on 2022-08-14 04:50:19 CEST.

Flavor Version Tinstall Tcheck Ttotal Status Flags
r-devel-linux-x86_64-debian-clang 1.0.0 3.45 382.57 386.02 NOTE
r-devel-linux-x86_64-debian-gcc 1.0.0 3.01 274.16 277.17 NOTE
r-devel-linux-x86_64-fedora-clang 1.0.0 485.84 NOTE
r-devel-linux-x86_64-fedora-gcc 1.0.0 494.45 NOTE
r-devel-windows-x86_64 1.0.0 17.00 390.00 407.00 NOTE
r-patched-linux-x86_64 1.0.0 2.76 369.69 372.45 NOTE
r-release-linux-x86_64 1.0.0 3.08 352.46 355.54 NOTE
r-release-macos-arm64 1.0.0 97.00 NOTE
r-release-macos-x86_64 1.0.0 178.00 NOTE
r-release-windows-x86_64 1.0.0 22.00 377.00 399.00 NOTE
r-oldrel-macos-arm64 1.0.0 113.00 NOTE
r-oldrel-macos-x86_64 1.0.0 211.00 NOTE
r-oldrel-windows-ix86+x86_64 1.0.0 10.00 432.00 442.00 NOTE

Check Details

Version: 1.0.0
Check: LazyData
Result: NOTE
     'LazyData' is specified without a 'data' directory
Flavors: r-devel-linux-x86_64-debian-clang, r-devel-linux-x86_64-debian-gcc, r-devel-linux-x86_64-fedora-clang, r-devel-linux-x86_64-fedora-gcc, r-devel-windows-x86_64, r-patched-linux-x86_64, r-release-linux-x86_64, r-release-macos-arm64, r-release-macos-x86_64, r-release-windows-x86_64, r-oldrel-macos-arm64, r-oldrel-macos-x86_64, r-oldrel-windows-ix86+x86_64