Last updated on 2023-03-27 04:53:19 CEST.
Flavor | Version | Tinstall | Tcheck | Ttotal | Status | Flags |
---|---|---|---|---|---|---|
r-devel-linux-x86_64-debian-clang | 0.8-8 | 187.57 | 292.10 | 479.67 | NOTE | |
r-devel-linux-x86_64-debian-gcc | 0.8-8 | 157.61 | 228.42 | 386.03 | NOTE | |
r-devel-linux-x86_64-fedora-gcc | 0.8-8 | 680.19 | NOTE | |||
r-devel-windows-x86_64 | 0.8-8 | 199.00 | 401.00 | 600.00 | NOTE | |
r-patched-linux-x86_64 | 0.8-8 | 163.70 | 291.16 | 454.86 | NOTE | |
r-release-linux-x86_64 | 0.8-8 | 129.36 | 283.75 | 413.11 | NOTE | |
r-release-macos-arm64 | 0.8-8 | 134.00 | NOTE | |||
r-release-macos-x86_64 | 0.8-8 | 223.00 | NOTE | |||
r-release-windows-x86_64 | 0.8-8 | 473.00 | 371.00 | 844.00 | NOTE | |
r-oldrel-macos-arm64 | 0.8-8 | 131.00 | NOTE | |||
r-oldrel-macos-x86_64 | 0.8-8 | 222.00 | NOTE | |||
r-oldrel-windows-ix86+x86_64 | 0.8-8 | 390.00 | 603.00 | 993.00 | NOTE |
Version: 0.8-8
Check: package dependencies
Result: NOTE
Package suggested but not available for checking: ‘cmdstanr’
Flavors: r-devel-linux-x86_64-debian-clang, r-devel-linux-x86_64-debian-gcc, r-devel-linux-x86_64-fedora-gcc, r-devel-windows-x86_64, r-patched-linux-x86_64, r-release-linux-x86_64, r-release-macos-arm64, r-release-macos-x86_64, r-release-windows-x86_64, r-oldrel-macos-arm64, r-oldrel-macos-x86_64, r-oldrel-windows-ix86+x86_64
Version: 0.8-8
Check: for GNU extensions in Makefiles
Result: NOTE
GNU make is a SystemRequirements.
Flavors: r-devel-linux-x86_64-debian-clang, r-devel-linux-x86_64-debian-gcc, r-devel-linux-x86_64-fedora-gcc, r-devel-windows-x86_64, r-patched-linux-x86_64, r-release-linux-x86_64, r-release-macos-arm64, r-release-macos-x86_64, r-release-windows-x86_64, r-oldrel-macos-arm64, r-oldrel-macos-x86_64, r-oldrel-windows-ix86+x86_64
Version: 0.8-8
Check: installed package size
Result: NOTE
installed size is 44.4Mb
sub-directories of 1Mb or more:
libs 42.5Mb
Flavors: r-release-macos-arm64, r-release-macos-x86_64, r-oldrel-macos-arm64, r-oldrel-macos-x86_64, r-oldrel-windows-ix86+x86_64