CRAN Package Check Results for Package PBD

Last updated on 2022-09-25 04:53:03 CEST.

Flavor Version Tinstall Tcheck Ttotal Status Flags
r-devel-linux-x86_64-debian-clang 1.4 5.12 93.12 98.24 OK
r-devel-linux-x86_64-debian-gcc 1.4 4.38 64.27 68.65 OK
r-devel-linux-x86_64-fedora-clang 1.4 127.79 NOTE
r-devel-linux-x86_64-fedora-gcc 1.4 120.12 NOTE
r-devel-windows-x86_64 1.4 17.00 117.00 134.00 OK
r-patched-linux-x86_64 1.4 3.98 88.71 92.69 OK
r-release-linux-x86_64 1.4 4.55 87.30 91.85 OK
r-release-macos-arm64 1.4 35.00 NOTE
r-release-macos-x86_64 1.4 42.00 NOTE
r-release-windows-x86_64 1.4 12.00 118.00 130.00 OK
r-oldrel-macos-arm64 1.4 42.00 NOTE
r-oldrel-macos-x86_64 1.4 52.00 NOTE
r-oldrel-windows-ix86+x86_64 1.4 9.00 114.00 123.00 OK

Check Details

Version: 1.4
Check: dependencies in R code
Result: NOTE
    Namespace in Imports field not imported from: ‘ade4’
     All declared Imports should be used.
Flavors: r-devel-linux-x86_64-fedora-clang, r-devel-linux-x86_64-fedora-gcc, r-release-macos-arm64, r-release-macos-x86_64, r-oldrel-macos-arm64, r-oldrel-macos-x86_64