Last updated on 2023-12-10 04:00:05 CET.
Flavor | Version | Tinstall | Tcheck | Ttotal | Status | Flags |
---|---|---|---|---|---|---|
r-devel-linux-x86_64-debian-clang | 2.0.6 | 38.82 | 85.82 | 124.64 | NOTE | |
r-devel-linux-x86_64-debian-gcc | 2.0.6 | 26.21 | 64.20 | 90.41 | NOTE | |
r-devel-linux-x86_64-fedora-clang | 2.0.6 | 165.05 | NOTE | |||
r-devel-linux-x86_64-fedora-gcc | 2.0.6 | 170.10 | NOTE | |||
r-devel-windows-x86_64 | 2.0.6 | 34.00 | 100.00 | 134.00 | NOTE | |
r-patched-linux-x86_64 | 2.0.6 | 32.25 | 83.55 | 115.80 | NOTE | |
r-release-linux-x86_64 | 2.0.6 | 30.94 | 83.87 | 114.81 | NOTE | |
r-release-macos-arm64 | 2.0.6 | 55.00 | NOTE | |||
r-release-macos-x86_64 | 2.0.6 | 87.00 | NOTE | |||
r-release-windows-x86_64 | 2.0.6 | 42.00 | 117.00 | 159.00 | NOTE | |
r-oldrel-macos-arm64 | 2.0.6 | 43.00 | OK | |||
r-oldrel-macos-x86_64 | 2.0.6 | 67.00 | OK | |||
r-oldrel-windows-x86_64 | 2.0.6 | 42.00 | 115.00 | 157.00 | OK |
Version: 2.0.6
Check: C++ specification
Result: NOTE
Specified C++11: please drop specification unless essential
Flavors: r-devel-linux-x86_64-debian-clang, r-devel-linux-x86_64-debian-gcc, r-devel-linux-x86_64-fedora-clang, r-devel-linux-x86_64-fedora-gcc, r-devel-windows-x86_64, r-patched-linux-x86_64, r-release-linux-x86_64, r-release-macos-arm64, r-release-macos-x86_64, r-release-windows-x86_64