CRAN Package Check Results for Package PLMIX

Last updated on 2023-02-04 03:55:31 CET.

Flavor Version Tinstall Tcheck Ttotal Status Flags
r-devel-linux-x86_64-debian-clang 2.1.1 205.73 158.37 364.10 OK
r-devel-linux-x86_64-debian-gcc 2.1.1 145.80 114.38 260.18 OK
r-devel-linux-x86_64-fedora-clang 2.1.1 536.78 NOTE
r-devel-linux-x86_64-fedora-gcc 2.1.1 456.61 NOTE
r-devel-windows-x86_64 2.1.1 170.00 240.00 410.00 OK
r-patched-linux-x86_64 2.1.1 126.53 150.85 277.38 OK
r-release-linux-x86_64 2.1.1 113.85 150.51 264.36 OK
r-release-macos-arm64 2.1.1 104.00 NOTE
r-release-macos-x86_64 2.1.1 176.00 NOTE
r-release-windows-x86_64 2.1.1 366.00 240.00 606.00 OK
r-oldrel-macos-arm64 2.1.1 113.00 NOTE
r-oldrel-macos-x86_64 2.1.1 142.00 NOTE
r-oldrel-windows-ix86+x86_64 2.1.1 430.00 281.00 711.00 OK

Check Details

Version: 2.1.1
Check: dependencies in R code
Result: NOTE
    Namespaces in Imports field not imported from:
     ‘PlackettLuce’ ‘StatRank’ ‘pmr’ ‘prefmod’ ‘rankdist’
     All declared Imports should be used.
Flavors: r-devel-linux-x86_64-fedora-clang, r-devel-linux-x86_64-fedora-gcc, r-release-macos-arm64, r-release-macos-x86_64, r-oldrel-macos-arm64, r-oldrel-macos-x86_64