CRAN Package Check Results for Package PQLseq

Last updated on 2023-01-27 03:53:53 CET.

Flavor Version Tinstall Tcheck Ttotal Status Flags
r-devel-linux-x86_64-debian-clang 1.2.1 59.70 72.22 131.92 OK
r-devel-linux-x86_64-debian-gcc 1.2.1 42.49 54.11 96.60 NOTE
r-devel-linux-x86_64-fedora-clang 1.2.1 181.77 OK
r-devel-linux-x86_64-fedora-gcc 1.2.1 160.41 NOTE
r-devel-windows-x86_64 1.2.1 51.00 124.00 175.00 OK
r-patched-linux-x86_64 1.2.1 45.71 68.67 114.38 OK
r-release-linux-x86_64 1.2.1 46.18 69.78 115.96 OK
r-release-macos-arm64 1.2.1 43.00 OK
r-release-macos-x86_64 1.2.1 66.00 OK
r-release-windows-x86_64 1.2.1 187.00 126.00 313.00 OK
r-oldrel-macos-arm64 1.2.1 55.00 OK
r-oldrel-macos-x86_64 1.2.1 59.00 OK
r-oldrel-windows-ix86+x86_64 1.2.1 136.00 149.00 285.00 OK

Check Details

Version: 1.2.1
Check: C++ specification
Result: NOTE
     Specified C++11: please update to current default of C++17
Flavors: r-devel-linux-x86_64-debian-gcc, r-devel-linux-x86_64-fedora-gcc