CRAN Package Check Results for Package PRECAST

Last updated on 2022-09-30 04:59:16 CEST.

Flavor Version Tinstall Tcheck Ttotal Status Flags
r-devel-linux-x86_64-debian-clang 1.2 175.24 540.04 715.28 OK
r-devel-linux-x86_64-debian-gcc 1.2 144.02 396.81 540.83 OK
r-devel-linux-x86_64-fedora-clang 1.2 987.93 OK
r-devel-linux-x86_64-fedora-gcc 1.2 936.39 OK
r-devel-windows-x86_64 1.2 150.00 580.00 730.00 OK
r-patched-linux-x86_64 1.2 138.98 518.41 657.39 OK
r-release-linux-x86_64 1.2 119.94 506.55 626.49 OK
r-release-macos-arm64 1.2 224.00 NOTE
r-release-macos-x86_64 1.2 296.00 NOTE
r-release-windows-x86_64 1.2 131.00 526.00 657.00 OK
r-oldrel-macos-arm64 1.2 215.00 NOTE
r-oldrel-macos-x86_64 1.2 282.00 NOTE
r-oldrel-windows-ix86+x86_64 1.2 412.00 683.00 1095.00 NOTE

Check Details

Version: 1.2
Check: installed package size
Result: NOTE
     installed size is 11.4Mb
     sub-directories of 1Mb or more:
     data 2.2Mb
     libs 8.8Mb
Flavors: r-release-macos-arm64, r-release-macos-x86_64, r-oldrel-macos-arm64, r-oldrel-macos-x86_64, r-oldrel-windows-ix86+x86_64