CRAN Package Check Results for Package PTXQC

Last updated on 2023-01-30 04:52:30 CET.

Flavor Version Tinstall Tcheck Ttotal Status Flags
r-devel-linux-x86_64-debian-clang 1.0.14 23.19 269.94 293.13 OK
r-devel-linux-x86_64-debian-gcc 1.0.14 20.20 197.46 217.66 OK
r-devel-linux-x86_64-fedora-clang 1.0.14 376.91 NOTE
r-devel-linux-x86_64-fedora-gcc 1.0.14 361.11 NOTE
r-devel-windows-x86_64 1.0.14 89.00 340.00 429.00 NOTE
r-patched-linux-x86_64 1.0.14 18.87 251.88 270.75 OK
r-release-linux-x86_64 1.0.14 17.10 242.06 259.16 OK
r-release-macos-arm64 1.0.14 132.00 NOTE
r-release-macos-x86_64 1.0.14 152.00 NOTE
r-release-windows-x86_64 1.0.14 120.00 331.00 451.00 NOTE
r-oldrel-macos-arm64 1.0.14 114.00 NOTE
r-oldrel-macos-x86_64 1.0.14 153.00 NOTE
r-oldrel-windows-ix86+x86_64 1.0.14 48.00 291.00 339.00 NOTE

Check Details

Version: 1.0.14
Check: installed package size
Result: NOTE
     installed size is 9.0Mb
     sub-directories of 1Mb or more:
     R 1.2Mb
     doc 4.0Mb
     examples 2.5Mb
Flavors: r-devel-linux-x86_64-fedora-clang, r-devel-windows-x86_64, r-release-macos-arm64, r-release-macos-x86_64, r-release-windows-x86_64, r-oldrel-macos-arm64, r-oldrel-macos-x86_64, r-oldrel-windows-ix86+x86_64

Version: 1.0.14
Check: dependencies in R code
Result: NOTE
    Namespace in Imports field not imported from: ‘gridExtra’
     All declared Imports should be used.
Flavors: r-devel-linux-x86_64-fedora-clang, r-devel-linux-x86_64-fedora-gcc, r-release-macos-arm64, r-release-macos-x86_64, r-oldrel-macos-arm64, r-oldrel-macos-x86_64