CRAN Package Check Results for Package PWEALL

Last updated on 2022-08-13 04:57:56 CEST.

Flavor Version Tinstall Tcheck Ttotal Status Flags
r-devel-linux-x86_64-debian-clang 1.3.0 23.44 97.21 120.65 NOTE
r-devel-linux-x86_64-debian-gcc 1.3.0 20.36 73.51 93.87 NOTE
r-devel-linux-x86_64-fedora-clang 1.3.0 153.50 NOTE
r-devel-linux-x86_64-fedora-gcc 1.3.0 160.50 NOTE
r-devel-windows-x86_64 1.3.0 37.00 121.00 158.00 NOTE
r-patched-linux-x86_64 1.3.0 20.59 90.42 111.01 NOTE
r-release-linux-x86_64 1.3.0 21.09 90.45 111.54 NOTE
r-release-macos-arm64 1.3.0 53.00 NOTE
r-release-macos-x86_64 1.3.0 58.00 NOTE
r-release-windows-x86_64 1.3.0 41.00 124.00 165.00 NOTE
r-oldrel-macos-arm64 1.3.0 56.00 NOTE
r-oldrel-macos-x86_64 1.3.0 92.00 NOTE
r-oldrel-windows-ix86+x86_64 1.3.0 52.00 153.00 205.00 NOTE

Check Details

Version: 1.3.0
Check: LazyData
Result: NOTE
     'LazyData' is specified without a 'data' directory
Flavors: r-devel-linux-x86_64-debian-clang, r-devel-linux-x86_64-debian-gcc, r-devel-linux-x86_64-fedora-clang, r-devel-linux-x86_64-fedora-gcc, r-devel-windows-x86_64, r-patched-linux-x86_64, r-release-linux-x86_64, r-release-macos-arm64, r-release-macos-x86_64, r-release-windows-x86_64, r-oldrel-macos-arm64, r-oldrel-macos-x86_64, r-oldrel-windows-ix86+x86_64

Version: 1.3.0
Check: compiled code
Result: NOTE
    File ‘PWEALL/libs/PWEALL.so’:
     Found no calls to: ‘R_registerRoutines’, ‘R_useDynamicSymbols’
    
    It is good practice to register native routines and to disable symbol
    search.
    
    See ‘Writing portable packages’ in the ‘Writing R Extensions’ manual.
Flavors: r-devel-linux-x86_64-fedora-clang, r-devel-linux-x86_64-fedora-gcc