CRAN Package Check Results for Package PanCanVarSel

Last updated on 2022-08-18 04:56:32 CEST.

Flavor Version Tinstall Tcheck Ttotal Status Flags
r-devel-linux-x86_64-debian-clang 0.0.3 3.08 55.18 58.26 NOTE
r-devel-linux-x86_64-debian-gcc 0.0.3 2.93 41.97 44.90 NOTE
r-devel-linux-x86_64-fedora-clang 0.0.3 79.32 NOTE
r-devel-linux-x86_64-fedora-gcc 0.0.3 81.48 NOTE
r-devel-windows-x86_64 0.0.3 9.00 80.00 89.00 NOTE
r-patched-linux-x86_64 0.0.3 3.05 51.64 54.69 NOTE
r-release-linux-x86_64 0.0.3 2.31 51.62 53.93 NOTE
r-release-macos-arm64 0.0.3 25.00 NOTE
r-release-macos-x86_64 0.0.3 32.00 NOTE
r-release-windows-x86_64 0.0.3 7.00 80.00 87.00 NOTE
r-oldrel-macos-arm64 0.0.3 31.00 NOTE
r-oldrel-macos-x86_64 0.0.3 47.00 NOTE
r-oldrel-windows-ix86+x86_64 0.0.3 7.00 77.00 84.00 NOTE

Check Details

Version: 0.0.3
Check: LazyData
Result: NOTE
     'LazyData' is specified without a 'data' directory
Flavors: r-devel-linux-x86_64-debian-clang, r-devel-linux-x86_64-debian-gcc, r-devel-linux-x86_64-fedora-clang, r-devel-linux-x86_64-fedora-gcc, r-devel-windows-x86_64, r-patched-linux-x86_64, r-release-linux-x86_64, r-release-macos-arm64, r-release-macos-x86_64, r-release-windows-x86_64, r-oldrel-macos-arm64, r-oldrel-macos-x86_64, r-oldrel-windows-ix86+x86_64

Version: 0.0.3
Check: dependencies in R code
Result: NOTE
    Namespace in Imports field not imported from: ‘smoothmest’
     All declared Imports should be used.
Flavors: r-devel-linux-x86_64-fedora-clang, r-devel-linux-x86_64-fedora-gcc, r-release-macos-arm64, r-release-macos-x86_64, r-oldrel-macos-arm64, r-oldrel-macos-x86_64