CRAN Package Check Results for Package PhenotypeSimulator

Last updated on 2022-08-09 04:52:27 CEST.

Flavor Version Tinstall Tcheck Ttotal Status Flags
r-devel-linux-x86_64-debian-clang 0.3.4 35.80 273.50 309.30 OK
r-devel-linux-x86_64-debian-gcc 0.3.4 28.74 197.89 226.63 OK
r-devel-linux-x86_64-fedora-clang 0.3.4 370.83 NOTE
r-devel-linux-x86_64-fedora-gcc 0.3.4 368.30 OK
r-devel-windows-x86_64 0.3.4 235.00 367.00 602.00 NOTE
r-patched-linux-x86_64 0.3.4 25.44 253.07 278.51 OK
r-release-linux-x86_64 0.3.4 OK
r-release-macos-arm64 0.3.4 108.00 NOTE
r-release-macos-x86_64 0.3.4 158.00 NOTE
r-release-windows-x86_64 0.3.4 586.00 354.00 940.00 NOTE
r-oldrel-macos-arm64 0.3.4 142.00 NOTE
r-oldrel-macos-x86_64 0.3.4 125.00 NOTE
r-oldrel-windows-ix86+x86_64 0.3.4 80.00 451.00 531.00 NOTE

Check Details

Version: 0.3.4
Check: installed package size
Result: NOTE
     installed size is 5.5Mb
     sub-directories of 1Mb or more:
     doc 1.5Mb
     extdata 3.2Mb
Flavors: r-devel-linux-x86_64-fedora-clang, r-devel-windows-x86_64, r-release-macos-arm64, r-release-macos-x86_64, r-release-windows-x86_64, r-oldrel-macos-arm64, r-oldrel-macos-x86_64, r-oldrel-windows-ix86+x86_64