CRAN Package Check Results for Package PointedSDMs

Last updated on 2022-12-07 03:57:31 CET.

Flavor Version Tinstall Tcheck Ttotal Status Flags
r-devel-linux-x86_64-debian-clang 1.1.1 49.44 444.36 493.80 NOTE
r-devel-linux-x86_64-debian-gcc 1.1.1 34.20 324.00 358.20 NOTE
r-devel-linux-x86_64-fedora-clang 1.1.1 603.40 OK
r-devel-linux-x86_64-fedora-gcc 1.1.1 624.03 OK
r-devel-windows-x86_64 1.1.1 66.00 447.00 513.00 NOTE
r-patched-linux-x86_64 1.1.1 51.26 414.45 465.71 NOTE
r-release-linux-x86_64 1.1.1 49.57 417.18 466.75 NOTE
r-release-macos-arm64 1.1.1 131.00 NOTE
r-release-macos-x86_64 1.1.1 184.00 NOTE
r-release-windows-x86_64 1.1.1 83.00 430.00 513.00 NOTE
r-oldrel-macos-arm64 1.1.1 129.00 NOTE
r-oldrel-macos-x86_64 1.1.1 174.00 NOTE
r-oldrel-windows-ix86+x86_64 1.1.1 93.00 417.00 510.00 OK

Check Details

Version: 1.1.1
Check: package dependencies
Result: NOTE
    Package suggested but not available for checking: 'INLA'
Flavors: r-devel-linux-x86_64-debian-clang, r-devel-linux-x86_64-debian-gcc, r-devel-windows-x86_64, r-patched-linux-x86_64, r-release-linux-x86_64, r-release-macos-arm64, r-release-macos-x86_64, r-release-windows-x86_64, r-oldrel-macos-arm64, r-oldrel-macos-x86_64

Version: 1.1.1
Check: Rd cross-references
Result: NOTE
    Package unavailable to check Rd xrefs: 'INLA'
Flavors: r-devel-linux-x86_64-debian-clang, r-devel-linux-x86_64-debian-gcc, r-devel-windows-x86_64, r-patched-linux-x86_64, r-release-linux-x86_64, r-release-macos-arm64, r-release-macos-x86_64, r-release-windows-x86_64, r-oldrel-macos-arm64, r-oldrel-macos-x86_64