Last updated on 2022-08-07 04:53:45 CEST.
Flavor | Version | Tinstall | Tcheck | Ttotal | Status | Flags |
---|---|---|---|---|---|---|
r-devel-linux-x86_64-debian-clang | 1.5.4 | 52.39 | 394.50 | 446.89 | NOTE | |
r-devel-linux-x86_64-debian-gcc | 1.5.4 | 43.73 | 285.96 | 329.69 | NOTE | |
r-devel-linux-x86_64-fedora-clang | 1.5.4 | 516.96 | NOTE | |||
r-devel-linux-x86_64-fedora-gcc | 1.5.4 | 568.96 | NOTE | |||
r-devel-windows-x86_64 | 1.5.4 | 67.00 | 355.00 | 422.00 | NOTE | |
r-patched-linux-x86_64 | 1.5.4 | 59.30 | 365.15 | 424.45 | NOTE | |
r-release-linux-x86_64 | 1.5.4 | 58.09 | 375.19 | 433.28 | NOTE | |
r-release-macos-arm64 | 1.5.4 | 100.00 | NOTE | |||
r-release-macos-x86_64 | 1.5.4 | 185.00 | NOTE | |||
r-release-windows-x86_64 | 1.5.4 | 70.00 | 346.00 | 416.00 | NOTE | |
r-oldrel-macos-arm64 | 1.5.4 | 109.00 | NOTE | |||
r-oldrel-macos-x86_64 | 1.5.4 | 95.00 | NOTE | |||
r-oldrel-windows-ix86+x86_64 | 1.5.4 | 103.00 | 375.00 | 478.00 | OK |
Version: 1.5.4
Check: package dependencies
Result: NOTE
Packages suggested but not available for checking: 'geoR', 'INLA'
Flavors: r-devel-linux-x86_64-debian-clang, r-devel-linux-x86_64-debian-gcc, r-patched-linux-x86_64, r-release-linux-x86_64
Version: 1.5.4
Check: package dependencies
Result: NOTE
Package suggested but not available for checking: ‘geoR’
Flavors: r-devel-linux-x86_64-fedora-clang, r-devel-linux-x86_64-fedora-gcc
Version: 1.5.4
Check: package dependencies
Result: NOTE
Package suggested but not available for checking: 'INLA'
Flavors: r-devel-windows-x86_64, r-release-macos-arm64, r-release-macos-x86_64, r-release-windows-x86_64, r-oldrel-macos-arm64, r-oldrel-macos-x86_64