CRAN Package Check Results for Package PubMedMining

Last updated on 2023-03-21 03:54:33 CET.

Flavor Version Tinstall Tcheck Ttotal Status Flags
r-devel-linux-x86_64-debian-clang 1.0.0 NOTE
r-devel-linux-x86_64-debian-gcc 1.0.0 1.60 17.88 19.48 NOTE
r-devel-linux-x86_64-fedora-clang 1.0.0 34.41 NOTE
r-devel-linux-x86_64-fedora-gcc 1.0.0 44.10 NOTE
r-devel-windows-x86_64 1.0.0 9.00 49.00 58.00 NOTE
r-patched-linux-x86_64 1.0.0 2.08 24.08 26.16 NOTE
r-release-linux-x86_64 1.0.0 2.11 23.97 26.08 NOTE
r-release-macos-arm64 1.0.0 16.00 NOTE
r-release-macos-x86_64 1.0.0 22.00 NOTE
r-release-windows-x86_64 1.0.0 12.00 54.00 66.00 NOTE
r-oldrel-macos-arm64 1.0.0 28.00 NOTE
r-oldrel-macos-x86_64 1.0.0 23.00 NOTE
r-oldrel-windows-ix86+x86_64 1.0.0 5.00 48.00 53.00 NOTE

Check Details

Version: 1.0.0
Check: LazyData
Result: NOTE
     'LazyData' is specified without a 'data' directory
Flavors: r-devel-linux-x86_64-debian-clang, r-devel-linux-x86_64-debian-gcc, r-devel-linux-x86_64-fedora-clang, r-devel-linux-x86_64-fedora-gcc, r-devel-windows-x86_64, r-patched-linux-x86_64, r-release-linux-x86_64, r-release-macos-arm64, r-release-macos-x86_64, r-release-windows-x86_64, r-oldrel-macos-arm64, r-oldrel-macos-x86_64, r-oldrel-windows-ix86+x86_64