Last updated on 2022-08-10 04:54:09 CEST.
Flavor | Version | Tinstall | Tcheck | Ttotal | Status | Flags |
---|---|---|---|---|---|---|
r-devel-linux-x86_64-debian-clang | 0.6.2 | 13.49 | 177.02 | 190.51 | OK | |
r-devel-linux-x86_64-debian-gcc | 0.6.2 | 8.07 | 128.45 | 136.52 | OK | |
r-devel-linux-x86_64-fedora-clang | 0.6.2 | 225.49 | NOTE | |||
r-devel-linux-x86_64-fedora-gcc | 0.6.2 | 239.03 | OK | |||
r-devel-windows-x86_64 | 0.6.2 | 44.00 | 216.00 | 260.00 | OK | |
r-patched-linux-x86_64 | 0.6.2 | 16.02 | 161.17 | 177.19 | OK | |
r-release-linux-x86_64 | 0.6.2 | OK | ||||
r-release-macos-arm64 | 0.6.2 | 61.00 | OK | |||
r-release-macos-x86_64 | 0.6.2 | 120.00 | OK | |||
r-release-windows-x86_64 | 0.6.2 | 31.00 | 202.00 | 233.00 | OK | |
r-oldrel-macos-arm64 | 0.6.2 | 97.00 | OK | |||
r-oldrel-macos-x86_64 | 0.6.2 | 92.00 | OK | |||
r-oldrel-windows-ix86+x86_64 | 0.6.2 | 27.00 | 221.00 | 248.00 | OK |
Version: 0.6.2
Check: Rd cross-references
Result: NOTE
Undeclared package ‘tibble’ in Rd xrefs
Flavor: r-devel-linux-x86_64-fedora-clang