CRAN Package Check Results for Package QCAtools

Last updated on 2022-09-30 04:59:17 CEST.

Flavor Version Tinstall Tcheck Ttotal Status Flags
r-devel-linux-x86_64-debian-clang 0.2.3 5.51 62.29 67.80 NOTE
r-devel-linux-x86_64-debian-gcc 0.2.3 5.27 45.70 50.97 NOTE
r-devel-linux-x86_64-fedora-clang 0.2.3 95.08 NOTE
r-devel-linux-x86_64-fedora-gcc 0.2.3 93.47 NOTE
r-devel-windows-x86_64 0.2.3 15.00 88.00 103.00 NOTE
r-patched-linux-x86_64 0.2.3 5.41 58.10 63.51 NOTE
r-release-linux-x86_64 0.2.3 5.28 56.61 61.89 NOTE
r-release-macos-arm64 0.2.3 25.00 NOTE
r-release-macos-x86_64 0.2.3 48.00 NOTE
r-release-windows-x86_64 0.2.3 12.00 84.00 96.00 NOTE
r-oldrel-macos-arm64 0.2.3 34.00 NOTE
r-oldrel-macos-x86_64 0.2.3 38.00 NOTE
r-oldrel-windows-ix86+x86_64 0.2.3 18.00 84.00 102.00 NOTE

Check Details

Version: 0.2.3
Check: LazyData
Result: NOTE
     'LazyData' is specified without a 'data' directory
Flavors: r-devel-linux-x86_64-debian-clang, r-devel-linux-x86_64-debian-gcc, r-devel-linux-x86_64-fedora-clang, r-devel-linux-x86_64-fedora-gcc, r-devel-windows-x86_64, r-patched-linux-x86_64, r-release-linux-x86_64, r-release-macos-arm64, r-release-macos-x86_64, r-release-windows-x86_64, r-oldrel-macos-arm64, r-oldrel-macos-x86_64, r-oldrel-windows-ix86+x86_64