CRAN Package Check Results for Package QTOCen

Last updated on 2022-12-02 04:00:18 CET.

Flavor Version Tinstall Tcheck Ttotal Status Flags
r-devel-linux-x86_64-debian-clang 0.1.1 11.78 126.20 137.98 NOTE
r-devel-linux-x86_64-debian-gcc 0.1.1 8.79 93.81 102.60 NOTE
r-devel-linux-x86_64-fedora-clang 0.1.1 178.98 NOTE
r-devel-linux-x86_64-fedora-gcc 0.1.1 167.34 NOTE
r-devel-windows-x86_64 0.1.1 21.00 152.00 173.00 NOTE
r-patched-linux-x86_64 0.1.1 7.79 115.22 123.01 NOTE
r-release-linux-x86_64 0.1.1 7.27 116.56 123.83 NOTE
r-release-macos-arm64 0.1.1 63.00 NOTE
r-release-macos-x86_64 0.1.1 65.00 NOTE
r-release-windows-x86_64 0.1.1 13.00 153.00 166.00 NOTE
r-oldrel-macos-arm64 0.1.1 51.00 NOTE
r-oldrel-macos-x86_64 0.1.1 97.00 NOTE
r-oldrel-windows-ix86+x86_64 0.1.1 21.00 145.00 166.00 NOTE

Check Details

Version: 0.1.1
Check: LazyData
Result: NOTE
     'LazyData' is specified without a 'data' directory
Flavors: r-devel-linux-x86_64-debian-clang, r-devel-linux-x86_64-debian-gcc, r-devel-linux-x86_64-fedora-clang, r-devel-linux-x86_64-fedora-gcc, r-devel-windows-x86_64, r-patched-linux-x86_64, r-release-linux-x86_64, r-release-macos-arm64, r-release-macos-x86_64, r-release-windows-x86_64, r-oldrel-macos-arm64, r-oldrel-macos-x86_64, r-oldrel-windows-ix86+x86_64

Version: 0.1.1
Check: dependencies in R code
Result: NOTE
    Namespace in Imports field not imported from: ‘MatrixModels’
     All declared Imports should be used.
Flavors: r-devel-linux-x86_64-fedora-clang, r-devel-linux-x86_64-fedora-gcc, r-release-macos-arm64, r-release-macos-x86_64, r-oldrel-macos-arm64, r-oldrel-macos-x86_64