Last updated on 2023-01-30 04:52:30 CET.
Flavor | Version | Tinstall | Tcheck | Ttotal | Status | Flags |
---|---|---|---|---|---|---|
r-devel-linux-x86_64-debian-clang | 1.2.5 | 116.67 | 111.84 | 228.51 | OK | |
r-devel-linux-x86_64-debian-gcc | 1.2.5 | 90.27 | 81.44 | 171.71 | NOTE | |
r-devel-linux-x86_64-fedora-clang | 1.2.5 | 371.34 | OK | |||
r-devel-linux-x86_64-fedora-gcc | 1.2.5 | 307.60 | NOTE | |||
r-devel-windows-x86_64 | 1.2.5 | 141.00 | 189.00 | 330.00 | NOTE | |
r-patched-linux-x86_64 | 1.2.5 | 100.37 | 101.29 | 201.66 | OK | |
r-release-linux-x86_64 | 1.2.5 | 100.06 | 100.04 | 200.10 | OK | |
r-release-macos-arm64 | 1.2.5 | 84.00 | OK | |||
r-release-macos-x86_64 | 1.2.5 | 104.00 | OK | |||
r-release-windows-x86_64 | 1.2.5 | 136.00 | 190.00 | 326.00 | OK | |
r-oldrel-macos-arm64 | 1.2.5 | 80.00 | OK | |||
r-oldrel-macos-x86_64 | 1.2.5 | 107.00 | OK | |||
r-oldrel-windows-ix86+x86_64 | 1.2.5 | 291.00 | 217.00 | 508.00 | OK |
Version: 1.2.5
Check: C++ specification
Result: NOTE
Specified C++11: please update to current default of C++17
Flavors: r-devel-linux-x86_64-debian-gcc, r-devel-linux-x86_64-fedora-gcc, r-devel-windows-x86_64