CRAN Package Check Results for Package R62S3

Last updated on 2022-10-04 04:50:38 CEST.

Flavor Version Tinstall Tcheck Ttotal Status Flags
r-devel-linux-x86_64-debian-clang 1.4.1 1.95 24.96 26.91 NOTE
r-devel-linux-x86_64-debian-gcc 1.4.1 1.44 19.48 20.92 NOTE
r-devel-linux-x86_64-fedora-clang 1.4.1 45.98 NOTE
r-devel-linux-x86_64-fedora-gcc 1.4.1 42.31 NOTE
r-devel-windows-x86_64 1.4.1 11.00 51.00 62.00 NOTE
r-patched-linux-x86_64 1.4.1 1.79 24.26 26.05 NOTE
r-release-linux-x86_64 1.4.1 1.76 24.14 25.90 NOTE
r-release-macos-arm64 1.4.1 16.00 NOTE
r-release-macos-x86_64 1.4.1 21.00 NOTE
r-release-windows-x86_64 1.4.1 11.00 49.00 60.00 NOTE
r-oldrel-macos-arm64 1.4.1 17.00 NOTE
r-oldrel-macos-x86_64 1.4.1 30.00 NOTE
r-oldrel-windows-ix86+x86_64 1.4.1 5.00 49.00 54.00 NOTE

Check Details

Version: 1.4.1
Check: LazyData
Result: NOTE
     'LazyData' is specified without a 'data' directory
Flavors: r-devel-linux-x86_64-debian-clang, r-devel-linux-x86_64-debian-gcc, r-devel-linux-x86_64-fedora-clang, r-devel-linux-x86_64-fedora-gcc, r-devel-windows-x86_64, r-patched-linux-x86_64, r-release-linux-x86_64, r-release-macos-arm64, r-release-macos-x86_64, r-release-windows-x86_64, r-oldrel-macos-arm64, r-oldrel-macos-x86_64, r-oldrel-windows-ix86+x86_64