CRAN Package Check Results for Package RClickhouse

Last updated on 2022-07-06 04:55:18 CEST.

Flavor Version Tinstall Tcheck Ttotal Status Flags
r-devel-linux-x86_64-debian-clang 0.6.4 97.54 70.68 168.22 OK
r-devel-linux-x86_64-debian-gcc 0.6.4 86.34 52.90 139.24 OK
r-devel-linux-x86_64-fedora-clang 0.6.4 287.05 NOTE
r-devel-linux-x86_64-fedora-gcc 0.6.4 235.88 OK
r-devel-windows-x86_64 0.6.4 243.00 120.00 363.00 OK
r-patched-linux-x86_64 0.6.4 89.50 67.24 156.74 OK
r-release-linux-x86_64 0.6.4 97.04 68.12 165.16 OK
r-release-macos-arm64 0.6.4 72.00 NOTE
r-release-macos-x86_64 0.6.4 90.00 NOTE
r-release-windows-x86_64 0.6.4 211.00 125.00 336.00 OK
r-oldrel-macos-arm64 0.6.4 64.00 NOTE
r-oldrel-macos-x86_64 0.6.4 88.00 NOTE
r-oldrel-windows-ix86+x86_64 0.6.4 279.00 128.00 407.00 OK

Check Details

Version: 0.6.4
Check: installed package size
Result: NOTE
     installed size is 9.3Mb
     sub-directories of 1Mb or more:
     libs 9.0Mb
Flavors: r-devel-linux-x86_64-fedora-clang, r-release-macos-arm64, r-release-macos-x86_64, r-oldrel-macos-arm64, r-oldrel-macos-x86_64