Last updated on 2023-03-24 03:54:27 CET.
Flavor | Version | Tinstall | Tcheck | Ttotal | Status | Flags |
---|---|---|---|---|---|---|
r-devel-linux-x86_64-debian-clang | 0.2.2 | 3.25 | 52.92 | 56.17 | OK | |
r-devel-linux-x86_64-debian-gcc | 0.2.2 | 2.53 | 40.16 | 42.69 | OK | |
r-devel-linux-x86_64-fedora-clang | 0.2.2 | 73.99 | OK | |||
r-devel-linux-x86_64-fedora-gcc | 0.2.2 | 81.79 | OK | |||
r-devel-windows-x86_64 | 0.2.2 | 43.00 | 86.00 | 129.00 | OK | |
r-patched-linux-x86_64 | 0.2.2 | 3.18 | 50.74 | 53.92 | OK | |
r-release-linux-x86_64 | 0.2.2 | 2.12 | 50.90 | 53.02 | OK | |
r-release-macos-arm64 | 0.2.2 | 26.00 | OK | |||
r-release-macos-x86_64 | 0.2.2 | 36.00 | OK | |||
r-release-windows-x86_64 | 0.2.2 | 27.00 | 91.00 | 118.00 | OK | |
r-oldrel-macos-arm64 | 0.2.2 | 27.00 | OK | |||
r-oldrel-macos-x86_64 | 0.2.2 | 47.00 | OK | |||
r-oldrel-windows-ix86+x86_64 | 0.2.2 | 8.00 | 89.00 | 97.00 | NOTE |
Version: 0.2.2
Check: dependencies in R code
Result: NOTE
Initiating curl with CURL_SSL_BACKEND: openssl
Flavor: r-oldrel-windows-ix86+x86_64