CRAN Package Check Results for Package RGreenplum

Last updated on 2022-07-01 04:53:05 CEST.

Flavor Version Tinstall Tcheck Ttotal Status Flags
r-devel-linux-x86_64-debian-clang 0.1.2 6.20 45.41 51.61 NOTE
r-devel-linux-x86_64-debian-gcc 0.1.2 5.72 35.23 40.95 NOTE
r-devel-linux-x86_64-fedora-clang 0.1.2 72.33 NOTE
r-devel-linux-x86_64-fedora-gcc 0.1.2 76.79 NOTE
r-devel-windows-x86_64 0.1.2 22.00 72.00 94.00 NOTE
r-patched-linux-x86_64 0.1.2 7.32 44.61 51.93 NOTE
r-release-linux-x86_64 0.1.2 6.39 44.04 50.43 NOTE
r-release-macos-arm64 0.1.2 21.00 NOTE
r-release-macos-x86_64 0.1.2 33.00 NOTE
r-release-windows-x86_64 0.1.2 23.00 72.00 95.00 NOTE
r-oldrel-macos-arm64 0.1.2 27.00 NOTE
r-oldrel-macos-x86_64 0.1.2 39.00 NOTE
r-oldrel-windows-ix86+x86_64 0.1.2 16.00 64.00 80.00 NOTE

Check Details

Version: 0.1.2
Check: LazyData
Result: NOTE
     'LazyData' is specified without a 'data' directory
Flavors: r-devel-linux-x86_64-debian-clang, r-devel-linux-x86_64-debian-gcc, r-devel-linux-x86_64-fedora-clang, r-devel-linux-x86_64-fedora-gcc, r-devel-windows-x86_64, r-patched-linux-x86_64, r-release-linux-x86_64, r-release-macos-arm64, r-release-macos-x86_64, r-release-windows-x86_64, r-oldrel-macos-arm64, r-oldrel-macos-x86_64, r-oldrel-windows-ix86+x86_64