Last updated on 2023-03-29 04:51:22 CEST.
Flavor | Version | Tinstall | Tcheck | Ttotal | Status | Flags |
---|---|---|---|---|---|---|
r-devel-linux-x86_64-debian-clang | 3.2.4 | 125.59 | 56.55 | 182.14 | NOTE | |
r-devel-linux-x86_64-debian-gcc | 3.2.4 | 95.97 | 42.51 | 138.48 | NOTE | |
r-devel-linux-x86_64-fedora-clang | 3.2.4 | 271.86 | NOTE | |||
r-devel-linux-x86_64-fedora-gcc | 3.2.4 | 261.10 | NOTE | |||
r-devel-windows-x86_64 | 3.2.4 | 122.00 | 110.00 | 232.00 | NOTE | |
r-patched-linux-x86_64 | 3.2.4 | 100.78 | 53.87 | 154.65 | NOTE | |
r-release-linux-x86_64 | 3.2.4 | 77.31 | 54.19 | 131.50 | OK | |
r-release-macos-arm64 | 3.2.4 | 56.00 | OK | |||
r-release-macos-x86_64 | 3.2.4 | 78.00 | OK | |||
r-release-windows-x86_64 | 3.2.4 | 98.00 | 109.00 | 207.00 | OK | |
r-oldrel-macos-arm64 | 3.2.4 | 53.00 | NOTE | |||
r-oldrel-macos-x86_64 | 3.2.4 | 72.00 | OK | |||
r-oldrel-windows-ix86+x86_64 | 3.2.4 | 297.00 | 120.00 | 417.00 | OK |
Version: 3.2.4
Check: C++ specification
Result: NOTE
Specified C++11: please drop specification unless essential
Flavors: r-devel-linux-x86_64-debian-clang, r-devel-linux-x86_64-debian-gcc, r-devel-linux-x86_64-fedora-clang, r-devel-linux-x86_64-fedora-gcc, r-devel-windows-x86_64, r-patched-linux-x86_64
Version: 3.2.4
Check: installed package size
Result: NOTE
installed size is 5.3Mb
sub-directories of 1Mb or more:
libs 5.0Mb
Flavor: r-oldrel-macos-arm64