Last updated on 2022-06-30 04:50:13 CEST.
Flavor | Version | Tinstall | Tcheck | Ttotal | Status | Flags |
---|---|---|---|---|---|---|
r-devel-linux-x86_64-debian-clang | 1.2.2 | 121.03 | 55.85 | 176.88 | OK | |
r-devel-linux-x86_64-debian-gcc | 1.2.2 | 91.04 | 43.69 | 134.73 | OK | |
r-devel-linux-x86_64-fedora-clang | 1.2.2 | 270.36 | OK | |||
r-devel-linux-x86_64-fedora-gcc | 1.2.2 | 230.84 | OK | |||
r-devel-windows-x86_64 | 1.2.2 | 402.00 | 202.00 | 604.00 | OK | |
r-patched-linux-x86_64 | 1.2.2 | 98.21 | 54.35 | 152.56 | OK | |
r-release-linux-x86_64 | 1.2.2 | 96.15 | 54.69 | 150.84 | OK | |
r-release-macos-arm64 | 1.2.2 | 50.00 | NOTE | |||
r-release-macos-x86_64 | 1.2.2 | 79.00 | NOTE | |||
r-release-windows-x86_64 | 1.2.2 | 403.00 | 204.00 | 607.00 | OK | |
r-oldrel-macos-arm64 | 1.2.2 | 52.00 | NOTE | |||
r-oldrel-macos-x86_64 | 1.2.2 | 83.00 | NOTE | |||
r-oldrel-windows-ix86+x86_64 | 1.2.2 | 543.00 | 219.00 | 762.00 | NOTE |
Version: 1.2.2
Check: installed package size
Result: NOTE
installed size is 6.1Mb
sub-directories of 1Mb or more:
libs 5.7Mb
Flavors: r-release-macos-arm64, r-release-macos-x86_64, r-oldrel-macos-arm64, r-oldrel-macos-x86_64, r-oldrel-windows-ix86+x86_64