Last updated on 2022-06-30 04:50:13 CEST.
Flavor | Version | Tinstall | Tcheck | Ttotal | Status | Flags |
---|---|---|---|---|---|---|
r-devel-linux-x86_64-debian-clang | 0.10.23 | 7.06 | 37.75 | 44.81 | OK | |
r-devel-linux-x86_64-debian-gcc | 0.10.23 | 6.78 | 29.36 | 36.14 | OK | |
r-devel-linux-x86_64-fedora-clang | 0.10.23 | 66.82 | OK | |||
r-devel-linux-x86_64-fedora-gcc | 0.10.23 | 71.04 | OK | |||
r-devel-windows-x86_64 | 0.10.23 | 84.00 | 147.00 | 231.00 | OK | |
r-patched-linux-x86_64 | 0.10.23 | 7.86 | 36.00 | 43.86 | OK | |
r-release-linux-x86_64 | 0.10.23 | 6.57 | 36.74 | 43.31 | OK | |
r-release-macos-arm64 | 0.10.23 | 25.00 | OK | |||
r-release-macos-x86_64 | 0.10.23 | 36.00 | OK | |||
r-release-windows-x86_64 | 0.10.23 | 96.00 | 150.00 | 246.00 | OK | |
r-oldrel-macos-arm64 | 0.10.23 | 30.00 | OK | |||
r-oldrel-macos-x86_64 | 0.10.23 | 35.00 | OK | |||
r-oldrel-windows-ix86+x86_64 | 0.10.23 | 30.00 | 168.00 | 198.00 | NOTE |
Version: 0.10.23
Check: installed package size
Result: NOTE
installed size is 6.8Mb
sub-directories of 1Mb or more:
libs 6.4Mb
Flavor: r-oldrel-windows-ix86+x86_64