Last updated on 2025-01-14 03:49:35 CET.
Flavor | Version | Tinstall | Tcheck | Ttotal | Status | Flags |
---|---|---|---|---|---|---|
r-devel-linux-x86_64-debian-clang | 1.1.0 | 6.45 | 72.26 | 78.71 | OK | |
r-devel-linux-x86_64-debian-gcc | 1.1.0 | 5.56 | 52.71 | 58.27 | OK | |
r-devel-linux-x86_64-fedora-clang | 1.1.0 | 133.50 | OK | |||
r-devel-linux-x86_64-fedora-gcc | 1.1.0 | 143.22 | OK | |||
r-devel-windows-x86_64 | 1.1.0 | 7.00 | 85.00 | 92.00 | OK | |
r-patched-linux-x86_64 | 1.1.0 | 6.50 | 67.35 | 73.85 | NOTE | |
r-release-linux-x86_64 | 1.1.0 | 6.63 | 67.03 | 73.66 | NOTE | |
r-release-macos-arm64 | 1.1.0 | 45.00 | NOTE | |||
r-release-macos-x86_64 | 1.1.0 | 66.00 | NOTE | |||
r-release-windows-x86_64 | 1.1.0 | 7.00 | 84.00 | 91.00 | NOTE | |
r-oldrel-macos-arm64 | 1.1.0 | 50.00 | NOTE | |||
r-oldrel-macos-x86_64 | 1.1.0 | 77.00 | NOTE | |||
r-oldrel-windows-x86_64 | 1.1.0 | 8.00 | 106.00 | 114.00 | NOTE |
Version: 1.1.0
Check: LazyData
Result: NOTE
'LazyData' is specified without a 'data' directory
Flavors: r-patched-linux-x86_64, r-release-linux-x86_64, r-release-macos-arm64, r-release-macos-x86_64, r-release-windows-x86_64, r-oldrel-macos-arm64, r-oldrel-macos-x86_64, r-oldrel-windows-x86_64