CRAN Package Check Results for Package RNGforGPD

Last updated on 2024-02-24 03:52:45 CET.

Flavor Version Tinstall Tcheck Ttotal Status Flags
r-devel-linux-x86_64-debian-clang 1.1.0 7.55 91.09 98.64 NOTE
r-devel-linux-x86_64-debian-gcc 1.1.0 6.48 68.45 74.93 NOTE
r-devel-linux-x86_64-fedora-clang 1.1.0 126.82 NOTE
r-devel-linux-x86_64-fedora-gcc 1.1.0 135.68 NOTE
r-devel-windows-x86_64 1.1.0 7.00 85.00 92.00 NOTE
r-patched-linux-x86_64 1.1.0 6.51 105.65 112.16 NOTE
r-release-linux-x86_64 1.1.0 7.02 106.79 113.81 NOTE
r-release-macos-arm64 1.1.0 50.00 NOTE
r-release-macos-x86_64 1.1.0 77.00 NOTE
r-release-windows-x86_64 1.1.0 9.00 104.00 113.00 NOTE
r-oldrel-macos-arm64 1.1.0 47.00 NOTE
r-oldrel-windows-x86_64 1.1.0 10.00 105.00 115.00 NOTE

Check Details

Version: 1.1.0
Check: LazyData
Result: NOTE 'LazyData' is specified without a 'data' directory Flavors: r-devel-linux-x86_64-debian-clang, r-devel-linux-x86_64-debian-gcc, r-devel-linux-x86_64-fedora-clang, r-devel-linux-x86_64-fedora-gcc, r-devel-windows-x86_64, r-patched-linux-x86_64, r-release-linux-x86_64, r-release-macos-arm64, r-release-macos-x86_64, r-release-windows-x86_64, r-oldrel-macos-arm64, r-oldrel-windows-x86_64