CRAN Package Check Results for Package RNetCDF

Last updated on 2022-09-30 04:59:20 CEST.

Flavor Version Tinstall Tcheck Ttotal Status Flags
r-devel-linux-x86_64-debian-clang 2.6-1 21.60 43.15 64.75 OK
r-devel-linux-x86_64-debian-gcc 2.6-1 12.12 33.86 45.98 OK
r-devel-linux-x86_64-fedora-clang 2.6-1 87.89 OK
r-devel-linux-x86_64-fedora-gcc 2.6-1 86.79 OK
r-devel-windows-x86_64 2.6-1 94.00 133.00 227.00 NOTE
r-patched-linux-x86_64 2.6-1 13.60 42.61 56.21 OK
r-release-linux-x86_64 2.6-1 13.43 42.21 55.64 OK
r-release-macos-arm64 2.6-1 44.00 NOTE
r-release-macos-x86_64 2.6-1 58.00 NOTE
r-release-windows-x86_64 2.6-1 146.00 132.00 278.00 NOTE
r-oldrel-macos-arm64 2.6-1 44.00 NOTE
r-oldrel-macos-x86_64 2.6-1 67.00 NOTE
r-oldrel-windows-ix86+x86_64 2.6-1 55.00 191.00 246.00 NOTE

Check Details

Version: 2.6-1
Check: installed package size
Result: NOTE
     installed size is 10.8Mb
     sub-directories of 1Mb or more:
     libs 10.4Mb
Flavors: r-devel-windows-x86_64, r-release-macos-arm64, r-release-macos-x86_64, r-release-windows-x86_64, r-oldrel-macos-arm64, r-oldrel-macos-x86_64, r-oldrel-windows-ix86+x86_64

Version: 2.6-1
Check: package dependencies
Result: NOTE
    Package which this enhances but not available for checking: ‘pbdMPI’
Flavors: r-release-macos-arm64, r-release-macos-x86_64, r-oldrel-macos-arm64, r-oldrel-macos-x86_64

Version: 2.6-1
Check: Rd cross-references
Result: NOTE
    Package unavailable to check Rd xrefs: ‘pbdMPI’
Flavors: r-release-macos-arm64, r-release-macos-x86_64, r-oldrel-macos-arm64, r-oldrel-macos-x86_64