CRAN Package Check Results for Package RProtoBuf

Last updated on 2022-10-05 04:51:03 CEST.

Flavor Version Tinstall Tcheck Ttotal Status Flags
r-devel-linux-x86_64-debian-clang 0.4.19 276.63 68.89 345.52 OK
r-devel-linux-x86_64-debian-gcc 0.4.19 208.48 51.04 259.52 OK
r-devel-linux-x86_64-fedora-clang 0.4.19 586.05 OK
r-devel-linux-x86_64-fedora-gcc 0.4.19 499.92 OK
r-devel-windows-x86_64 0.4.19 312.00 187.00 499.00 OK
r-patched-linux-x86_64 0.4.19 242.07 64.39 306.46 OK
r-release-linux-x86_64 0.4.19 242.26 64.10 306.36 OK
r-release-macos-arm64 0.4.19 119.00 NOTE
r-release-macos-x86_64 0.4.19 174.00 NOTE
r-release-windows-x86_64 0.4.19 338.00 196.00 534.00 OK
r-oldrel-macos-arm64 0.4.19 118.00 NOTE
r-oldrel-macos-x86_64 0.4.19 175.00 NOTE
r-oldrel-windows-ix86+x86_64 0.4.19 671.00 164.00 835.00 NOTE

Check Details

Version: 0.4.19
Check: installed package size
Result: NOTE
     installed size is 36.1Mb
     sub-directories of 1Mb or more:
     libs 34.7Mb
Flavors: r-release-macos-arm64, r-release-macos-x86_64, r-oldrel-macos-arm64, r-oldrel-macos-x86_64, r-oldrel-windows-ix86+x86_64