CRAN Package Check Results for Package RPyGeo

Last updated on 2022-12-05 03:55:10 CET.

Flavor Version Tinstall Tcheck Ttotal Status Flags
r-devel-linux-x86_64-debian-clang 1.0.0 2.88 44.70 47.58 NOTE
r-devel-linux-x86_64-debian-gcc 1.0.0 1.70 34.32 36.02 NOTE
r-devel-linux-x86_64-fedora-clang 1.0.0 72.04 NOTE
r-devel-linux-x86_64-fedora-gcc 1.0.0 65.77 NOTE
r-devel-windows-x86_64 1.0.0 15.00 74.00 89.00 NOTE
r-patched-linux-x86_64 1.0.0 2.67 42.47 45.14 NOTE
r-release-linux-x86_64 1.0.0 2.62 42.53 45.15 NOTE
r-release-macos-arm64 1.0.0 18.00 NOTE
r-release-macos-x86_64 1.0.0 30.00 NOTE
r-release-windows-x86_64 1.0.0 17.00 76.00 93.00 NOTE
r-oldrel-macos-arm64 1.0.0 21.00 NOTE
r-oldrel-macos-x86_64 1.0.0 33.00 NOTE
r-oldrel-windows-ix86+x86_64 1.0.0 7.00 70.00 77.00 NOTE

Check Details

Version: 1.0.0
Check: LazyData
Result: NOTE
     'LazyData' is specified without a 'data' directory
Flavors: r-devel-linux-x86_64-debian-clang, r-devel-linux-x86_64-debian-gcc, r-devel-linux-x86_64-fedora-clang, r-devel-linux-x86_64-fedora-gcc, r-devel-windows-x86_64, r-patched-linux-x86_64, r-release-linux-x86_64, r-release-macos-arm64, r-release-macos-x86_64, r-release-windows-x86_64, r-oldrel-macos-arm64, r-oldrel-macos-x86_64, r-oldrel-windows-ix86+x86_64